{"id":9575,"date":"2024-08-17T12:23:29","date_gmt":"2024-08-17T11:23:29","guid":{"rendered":"https:\/\/ple161.poznan.pl\/?page_id=9575"},"modified":"2024-08-17T17:34:28","modified_gmt":"2024-08-17T16:34:28","slug":"standardy-ochrony-maloletnich","status":"publish","type":"page","link":"https:\/\/ple161.poznan.pl\/?page_id=9575","title":{"rendered":"Standardy ochrony ma\u0142oletnich"},"content":{"rendered":"<p>Standardy ochrony ma\u0142oletnich w Przedszkolu nr 161 w <a href=\"https:\/\/ple161.poznan.pl\/wp-content\/uploads\/2024\/08\/standardy-ochrony-maloletnich.docx-Przedszkole-nr-161.docx\">pliku&nbsp;<\/a><\/p>\n","protected":false},"excerpt":{"rendered":"<p>Standardy ochrony ma\u0142oletnich w Przedszkolu nr 161 w pliku&nbsp;<\/p>\n","protected":false},"author":2,"featured_media":0,"parent":0,"menu_order":0,"comment_status":"closed","ping_status":"closed","template":"","meta":{"ngg_post_thumbnail":0,"footnotes":""},"class_list":["post-9575","page","type-page","status-publish","hentry"],"yoast_head":"<!-- This site is optimized with the Yoast SEO plugin v27.5 - https:\/\/yoast.com\/product\/yoast-seo-wordpress\/ -->\n<title>Standardy ochrony ma\u0142oletnich - Przedszkole im. Ksi\u0119cia Przemys\u0142awa<\/title>\n<meta name=\"robots\" content=\"noindex, follow\" \/>\n<meta property=\"og:locale\" content=\"pl_PL\" \/>\n<meta property=\"og:type\" content=\"article\" \/>\n<meta property=\"og:title\" content=\"Standardy ochrony ma\u0142oletnich - Przedszkole im. Ksi\u0119cia Przemys\u0142awa\" \/>\n<meta property=\"og:description\" content=\"Standardy ochrony ma\u0142oletnich w Przedszkolu nr 161 w pliku&nbsp;\" \/>\n<meta property=\"og:url\" content=\"https:\/\/www.przedszkole161.pl\/?page_id=9575\" \/>\n<meta property=\"og:site_name\" content=\"Przedszkole im. Ksi\u0119cia Przemys\u0142awa\" \/>\n<meta property=\"article:modified_time\" content=\"2024-08-17T16:34:28+00:00\" \/>\n<meta name=\"twitter:card\" content=\"summary_large_image\" \/>\n<meta name=\"twitter:label1\" content=\"Szacowany czas czytania\" \/>\n\t<meta name=\"twitter:data1\" content=\"1 minuta\" \/>\n<script type=\"application\/ld+json\" class=\"yoast-schema-graph\">{\"@context\":\"https:\\\/\\\/schema.org\",\"@graph\":[{\"@type\":\"WebPage\",\"@id\":\"https:\\\/\\\/www.przedszkole161.pl\\\/?page_id=9575\",\"url\":\"https:\\\/\\\/www.przedszkole161.pl\\\/?page_id=9575\",\"name\":\"Standardy ochrony ma\u0142oletnich - Przedszkole im. Ksi\u0119cia Przemys\u0142awa\",\"isPartOf\":{\"@id\":\"https:\\\/\\\/www.przedszkole161.pl\\\/#website\"},\"datePublished\":\"2024-08-17T11:23:29+00:00\",\"dateModified\":\"2024-08-17T16:34:28+00:00\",\"breadcrumb\":{\"@id\":\"https:\\\/\\\/www.przedszkole161.pl\\\/?page_id=9575#breadcrumb\"},\"inLanguage\":\"pl-PL\",\"potentialAction\":[{\"@type\":\"ReadAction\",\"target\":[\"https:\\\/\\\/www.przedszkole161.pl\\\/?page_id=9575\"]}]},{\"@type\":\"BreadcrumbList\",\"@id\":\"https:\\\/\\\/www.przedszkole161.pl\\\/?page_id=9575#breadcrumb\",\"itemListElement\":[{\"@type\":\"ListItem\",\"position\":1,\"name\":\"Strona g\u0142\u00f3wna\",\"item\":\"https:\\\/\\\/www.przedszkole161.pl\\\/\"},{\"@type\":\"ListItem\",\"position\":2,\"name\":\"Standardy ochrony ma\u0142oletnich\"}]},{\"@type\":\"WebSite\",\"@id\":\"https:\\\/\\\/www.przedszkole161.pl\\\/#website\",\"url\":\"https:\\\/\\\/www.przedszkole161.pl\\\/\",\"name\":\"Przedszkole im. Ksi\u0119cia Przemys\u0142awa 161\",\"description\":\"\",\"potentialAction\":[{\"@type\":\"SearchAction\",\"target\":{\"@type\":\"EntryPoint\",\"urlTemplate\":\"https:\\\/\\\/www.przedszkole161.pl\\\/?s={search_term_string}\"},\"query-input\":{\"@type\":\"PropertyValueSpecification\",\"valueRequired\":true,\"valueName\":\"search_term_string\"}}],\"inLanguage\":\"pl-PL\"}]}<\/script>\n<!-- \/ Yoast SEO plugin. -->","yoast_head_json":{"title":"Standardy ochrony ma\u0142oletnich - Przedszkole im. Ksi\u0119cia Przemys\u0142awa","robots":{"index":"noindex","follow":"follow"},"og_locale":"pl_PL","og_type":"article","og_title":"Standardy ochrony ma\u0142oletnich - Przedszkole im. Ksi\u0119cia Przemys\u0142awa","og_description":"Standardy ochrony ma\u0142oletnich w Przedszkolu nr 161 w pliku&nbsp;","og_url":"https:\/\/www.przedszkole161.pl\/?page_id=9575","og_site_name":"Przedszkole im. Ksi\u0119cia Przemys\u0142awa","article_modified_time":"2024-08-17T16:34:28+00:00","twitter_card":"summary_large_image","twitter_misc":{"Szacowany czas czytania":"1 minuta"},"schema":{"@context":"https:\/\/schema.org","@graph":[{"@type":"WebPage","@id":"https:\/\/www.przedszkole161.pl\/?page_id=9575","url":"https:\/\/www.przedszkole161.pl\/?page_id=9575","name":"Standardy ochrony ma\u0142oletnich - Przedszkole im. Ksi\u0119cia Przemys\u0142awa","isPartOf":{"@id":"https:\/\/www.przedszkole161.pl\/#website"},"datePublished":"2024-08-17T11:23:29+00:00","dateModified":"2024-08-17T16:34:28+00:00","breadcrumb":{"@id":"https:\/\/www.przedszkole161.pl\/?page_id=9575#breadcrumb"},"inLanguage":"pl-PL","potentialAction":[{"@type":"ReadAction","target":["https:\/\/www.przedszkole161.pl\/?page_id=9575"]}]},{"@type":"BreadcrumbList","@id":"https:\/\/www.przedszkole161.pl\/?page_id=9575#breadcrumb","itemListElement":[{"@type":"ListItem","position":1,"name":"Strona g\u0142\u00f3wna","item":"https:\/\/www.przedszkole161.pl\/"},{"@type":"ListItem","position":2,"name":"Standardy ochrony ma\u0142oletnich"}]},{"@type":"WebSite","@id":"https:\/\/www.przedszkole161.pl\/#website","url":"https:\/\/www.przedszkole161.pl\/","name":"Przedszkole im. Ksi\u0119cia Przemys\u0142awa 161","description":"","potentialAction":[{"@type":"SearchAction","target":{"@type":"EntryPoint","urlTemplate":"https:\/\/www.przedszkole161.pl\/?s={search_term_string}"},"query-input":{"@type":"PropertyValueSpecification","valueRequired":true,"valueName":"search_term_string"}}],"inLanguage":"pl-PL"}]}},"_links":{"self":[{"href":"https:\/\/ple161.poznan.pl\/index.php?rest_route=\/wp\/v2\/pages\/9575","targetHints":{"allow":["GET"]}}],"collection":[{"href":"https:\/\/ple161.poznan.pl\/index.php?rest_route=\/wp\/v2\/pages"}],"about":[{"href":"https:\/\/ple161.poznan.pl\/index.php?rest_route=\/wp\/v2\/types\/page"}],"author":[{"embeddable":true,"href":"https:\/\/ple161.poznan.pl\/index.php?rest_route=\/wp\/v2\/users\/2"}],"replies":[{"embeddable":true,"href":"https:\/\/ple161.poznan.pl\/index.php?rest_route=%2Fwp%2Fv2%2Fcomments&post=9575"}],"version-history":[{"count":2,"href":"https:\/\/ple161.poznan.pl\/index.php?rest_route=\/wp\/v2\/pages\/9575\/revisions"}],"predecessor-version":[{"id":9579,"href":"https:\/\/ple161.poznan.pl\/index.php?rest_route=\/wp\/v2\/pages\/9575\/revisions\/9579"}],"wp:attachment":[{"href":"https:\/\/ple161.poznan.pl\/index.php?rest_route=%2Fwp%2Fv2%2Fmedia&parent=9575"}],"curies":[{"name":"wp","href":"https:\/\/api.w.org\/{rel}","templated":true}]}}

Standardy ochrony małoletnich

<p>Standardy ochrony małoletnich w Przedszkolu nr 161 w <a href="https://ple161.poznan.pl/wp-content/uploads/2024/08/standardy-ochrony-maloletnich.docx-Przedszkole-nr-161.docx">pliku&nbsp;</a></p>

<p>Standardy ochrony małoletnich w Przedszkolu nr 161 w pliku&nbsp;</p>

<!-- This site is optimized with the Yoast SEO plugin v27.5 - https://yoast.com/product/yoast-seo-wordpress/ -->
<title>Standardy ochrony małoletnich - Przedszkole im. Księcia Przemysława</title>
<meta name="robots" content="noindex, follow" />
<meta property="og:locale" content="pl_PL" />
<meta property="og:type" content="article" />
<meta property="og:title" content="Standardy ochrony małoletnich - Przedszkole im. Księcia Przemysława" />
<meta property="og:description" content="Standardy ochrony małoletnich w Przedszkolu nr 161 w pliku&nbsp;" />
<meta property="og:url" content="https://www.przedszkole161.pl/?page_id=9575" />
<meta property="og:site_name" content="Przedszkole im. Księcia Przemysława" />
<meta property="article:modified_time" content="2024-08-17T16:34:28+00:00" />
<meta name="twitter:card" content="summary_large_image" />
<meta name="twitter:label1" content="Szacowany czas czytania" />
	<meta name="twitter:data1" content="1 minuta" />
<script type="application/ld+json" class="yoast-schema-graph">{"@context":"https:\/\/schema.org","@graph":[{"@type":"WebPage","@id":"https:\/\/www.przedszkole161.pl\/?page_id=9575","url":"https:\/\/www.przedszkole161.pl\/?page_id=9575","name":"Standardy ochrony małoletnich - Przedszkole im. Księcia Przemysława","isPartOf":{"@id":"https:\/\/www.przedszkole161.pl\/#website"},"datePublished":"2024-08-17T11:23:29+00:00","dateModified":"2024-08-17T16:34:28+00:00","breadcrumb":{"@id":"https:\/\/www.przedszkole161.pl\/?page_id=9575#breadcrumb"},"inLanguage":"pl-PL","potentialAction":[{"@type":"ReadAction","target":["https:\/\/www.przedszkole161.pl\/?page_id=9575"]}]},{"@type":"BreadcrumbList","@id":"https:\/\/www.przedszkole161.pl\/?page_id=9575#breadcrumb","itemListElement":[{"@type":"ListItem","position":1,"name":"Strona główna","item":"https:\/\/www.przedszkole161.pl\/"},{"@type":"ListItem","position":2,"name":"Standardy ochrony małoletnich"}]},{"@type":"WebSite","@id":"https:\/\/www.przedszkole161.pl\/#website","url":"https:\/\/www.przedszkole161.pl\/","name":"Przedszkole im. Księcia Przemysława 161","description":"","potentialAction":[{"@type":"SearchAction","target":{"@type":"EntryPoint","urlTemplate":"https:\/\/www.przedszkole161.pl\/?s={search_term_string}"},"query-input":{"@type":"PropertyValueSpecification","valueRequired":true,"valueName":"search_term_string"}}],"inLanguage":"pl-PL"}]}</script>
<!-- / Yoast SEO plugin. -->

Standardy ochrony małoletnich - Przedszkole im. Księcia Przemysława

Standardy ochrony małoletnich w Przedszkolu nr 161 w pliku&nbsp;

Przedszkole im. Księcia Przemysława

Strona główna

Przedszkole im. Księcia Przemysława 161
