{"id":8739,"date":"2023-10-24T06:01:31","date_gmt":"2023-10-24T05:01:31","guid":{"rendered":"https:\/\/ple161.poznan.pl\/?page_id=8739"},"modified":"2025-10-08T16:29:39","modified_gmt":"2025-10-08T15:29:39","slug":"rada-rodzicow","status":"publish","type":"page","link":"https:\/\/ple161.poznan.pl\/?page_id=8739","title":{"rendered":"Rada Rodzic\u00f3w"},"content":{"rendered":"<ul>\n<li>Regulamin Rady Rodzic\u00f3w w <a href=\"https:\/\/ple161.poznan.pl\/wp-content\/uploads\/2025\/10\/KMWACD564E81A02_20251007_121859.pdf\">pliku<\/a><\/li>\n<li>Uchwa\u0142a w <a href=\"https:\/\/ple161.poznan.pl\/wp-content\/uploads\/2025\/10\/KMWACD564E81A02_20251007_121859-2.pdf\">pliku<\/a><\/li>\n<li>Plan pracy Rady Rodzic\u00f3w na rok szkolny 2025\/2026 w<a href=\"https:\/\/ple161.poznan.pl\/wp-content\/uploads\/2025\/10\/KMWACD564E81A02_20251007_121836.pdf\"> pliku<\/a><\/li>\n<\/ul>\n<p><strong>Kiermasz Jesienny<\/strong><\/p>\n<p>Przygotuj\u00a0 sam lub wykonaj wraz z dzieckiem i przynie\u015b do przedszkola do 20.10.2023r.:<\/p>\n<ul>\n<li>dekoracje z dar\u00f3w jesieni<\/li>\n<li>symbole jesieni w nowych aran\u017cacjach<\/li>\n<li>w\u0142asnor\u0119cznie zdobione przedmioty codziennego u\u017cytku<\/li>\n<li>domowe konfitury a tak\u017ce wszystko to co podpowie wyobra\u017ania<\/li>\n<\/ul>\n<p><strong>Kiermasz Bo\u017conarodzeniowy<\/strong><\/p>\n<p>Tre\u015b\u0107 og\u0142oszenia do pobrania w<a href=\"https:\/\/ple161.poznan.pl\/wp-content\/uploads\/2023\/11\/Kiermasz-Swiateczny-plakat.pdf\"> pliku<\/a><\/p>\n<p>Sprawozdanie Finansowe Rady Rodzic\u00f3w za okres wrzesie\u0144 2023r.-marzec 2024r.w <a href=\"https:\/\/ple161.poznan.pl\/wp-content\/uploads\/2024\/04\/Sprawozdanie-finansowe-Rady-Rodzicow.docx\">pliku\u00a0<\/a><\/p>\n<p>Sprawozdanie Finansowe Rady Rodzic\u00f3w za okres wrzesie\u0144 2023r.-maj 2024r.w <a href=\"https:\/\/ple161.poznan.pl\/wp-content\/uploads\/2024\/06\/Sprawozdanie-finansowe-Rady-Rodzicow-wrzesien-maj-1-1.docx\">pliku<\/a><\/p>\n<p>Sprawozdanie Finansowe Rady Rodzic\u00f3w 2023\/2024 w <a href=\"https:\/\/ple161.poznan.pl\/wp-content\/uploads\/2024\/08\/Sprawozdanie-finansowe-Rady-Rodzicow-za-rok-szkolny-2023-2024.docx\">pliku<\/a><\/p>\n<p>Sprawozdanie Finansowe Rady Rodzic\u00f3w I p\u00f3\u0142rocze 2024\/2025 w <a href=\"https:\/\/ple161.poznan.pl\/wp-content\/uploads\/2025\/02\/Sprawozdanie-finansowe-Rady-Rodzicow-za-I-polrocze-2024-2025.docx\">pliku<\/a><\/p>\n<p>Sprawozdanie Finansowe Rady Rodzic\u00f3w za rok szkolny 2024\/2025 w <a href=\"https:\/\/ple161.poznan.pl\/wp-content\/uploads\/2025\/08\/Sprawozdanie-finansowe-Rady-Rodzicow-za-rok-szkolny-2024-2025.docx\">pliku<\/a><\/p>\n<p><strong>Kiermasz Wiosenno-Wielkanocny\u00a0<\/strong><\/p>\n<p>Tre\u015b\u0107 og\u0142oszenia w <a href=\"https:\/\/ple161.poznan.pl\/wp-content\/uploads\/2025\/03\/Rada-Rodzicow-przy-przedszkolu-nr-161-i.-Ksiecia-Przemyslawa-w-Poznaniu_20250316_171715_0000.pdf\">pliku<\/a><\/p>\n","protected":false},"excerpt":{"rendered":"<p>Regulamin Rady Rodzic\u00f3w w pliku Uchwa\u0142a w pliku Plan pracy Rady Rodzic\u00f3w na rok szkolny 2025\/2026 w pliku Kiermasz Jesienny Przygotuj\u00a0 sam lub wykonaj wraz z dzieckiem i przynie\u015b do przedszkola do 20.10.2023r.: dekoracje z dar\u00f3w jesieni symbole jesieni w nowych aran\u017cacjach w\u0142asnor\u0119cznie zdobione przedmioty codziennego u\u017cytku domowe konfitury a tak\u017ce wszystko to co podpowie [&hellip;]<\/p>\n","protected":false},"author":1,"featured_media":0,"parent":0,"menu_order":0,"comment_status":"closed","ping_status":"closed","template":"","meta":{"ngg_post_thumbnail":0,"footnotes":""},"class_list":["post-8739","page","type-page","status-publish","hentry"],"yoast_head":"<!-- This site is optimized with the Yoast SEO plugin v27.5 - https:\/\/yoast.com\/product\/yoast-seo-wordpress\/ -->\n<title>Rada Rodzic\u00f3w - Przedszkole im. Ksi\u0119cia Przemys\u0142awa<\/title>\n<meta name=\"robots\" content=\"noindex, follow\" \/>\n<meta property=\"og:locale\" content=\"pl_PL\" \/>\n<meta property=\"og:type\" content=\"article\" \/>\n<meta property=\"og:title\" content=\"Rada Rodzic\u00f3w - Przedszkole im. Ksi\u0119cia Przemys\u0142awa\" \/>\n<meta property=\"og:description\" content=\"Regulamin Rady Rodzic\u00f3w w pliku Uchwa\u0142a w pliku Plan pracy Rady Rodzic\u00f3w na rok szkolny 2025\/2026 w pliku Kiermasz Jesienny Przygotuj\u00a0 sam lub wykonaj wraz z dzieckiem i przynie\u015b do przedszkola do 20.10.2023r.: dekoracje z dar\u00f3w jesieni symbole jesieni w nowych aran\u017cacjach w\u0142asnor\u0119cznie zdobione przedmioty codziennego u\u017cytku domowe konfitury a tak\u017ce wszystko to co podpowie [&hellip;]\" \/>\n<meta property=\"og:url\" content=\"https:\/\/ple161.poznan.pl\/?page_id=8739\" \/>\n<meta property=\"og:site_name\" content=\"Przedszkole im. Ksi\u0119cia Przemys\u0142awa\" \/>\n<meta property=\"article:modified_time\" content=\"2025-10-08T15:29:39+00:00\" \/>\n<meta name=\"twitter:card\" content=\"summary_large_image\" \/>\n<meta name=\"twitter:label1\" content=\"Szacowany czas czytania\" \/>\n\t<meta name=\"twitter:data1\" content=\"1 minuta\" \/>\n<script type=\"application\/ld+json\" class=\"yoast-schema-graph\">{\"@context\":\"https:\\\/\\\/schema.org\",\"@graph\":[{\"@type\":\"WebPage\",\"@id\":\"https:\\\/\\\/ple161.poznan.pl\\\/?page_id=8739\",\"url\":\"https:\\\/\\\/ple161.poznan.pl\\\/?page_id=8739\",\"name\":\"Rada Rodzic\u00f3w - Przedszkole im. Ksi\u0119cia Przemys\u0142awa\",\"isPartOf\":{\"@id\":\"https:\\\/\\\/www.przedszkole161.pl\\\/#website\"},\"datePublished\":\"2023-10-24T05:01:31+00:00\",\"dateModified\":\"2025-10-08T15:29:39+00:00\",\"breadcrumb\":{\"@id\":\"https:\\\/\\\/ple161.poznan.pl\\\/?page_id=8739#breadcrumb\"},\"inLanguage\":\"pl-PL\",\"potentialAction\":[{\"@type\":\"ReadAction\",\"target\":[\"https:\\\/\\\/ple161.poznan.pl\\\/?page_id=8739\"]}]},{\"@type\":\"BreadcrumbList\",\"@id\":\"https:\\\/\\\/ple161.poznan.pl\\\/?page_id=8739#breadcrumb\",\"itemListElement\":[{\"@type\":\"ListItem\",\"position\":1,\"name\":\"Strona g\u0142\u00f3wna\",\"item\":\"https:\\\/\\\/www.przedszkole161.pl\\\/\"},{\"@type\":\"ListItem\",\"position\":2,\"name\":\"Rada Rodzic\u00f3w\"}]},{\"@type\":\"WebSite\",\"@id\":\"https:\\\/\\\/www.przedszkole161.pl\\\/#website\",\"url\":\"https:\\\/\\\/www.przedszkole161.pl\\\/\",\"name\":\"Przedszkole im. Ksi\u0119cia Przemys\u0142awa 161\",\"description\":\"\",\"potentialAction\":[{\"@type\":\"SearchAction\",\"target\":{\"@type\":\"EntryPoint\",\"urlTemplate\":\"https:\\\/\\\/www.przedszkole161.pl\\\/?s={search_term_string}\"},\"query-input\":{\"@type\":\"PropertyValueSpecification\",\"valueRequired\":true,\"valueName\":\"search_term_string\"}}],\"inLanguage\":\"pl-PL\"}]}<\/script>\n<!-- \/ Yoast SEO plugin. -->","yoast_head_json":{"title":"Rada Rodzic\u00f3w - Przedszkole im. Ksi\u0119cia Przemys\u0142awa","robots":{"index":"noindex","follow":"follow"},"og_locale":"pl_PL","og_type":"article","og_title":"Rada Rodzic\u00f3w - Przedszkole im. Ksi\u0119cia Przemys\u0142awa","og_description":"Regulamin Rady Rodzic\u00f3w w pliku Uchwa\u0142a w pliku Plan pracy Rady Rodzic\u00f3w na rok szkolny 2025\/2026 w pliku Kiermasz Jesienny Przygotuj\u00a0 sam lub wykonaj wraz z dzieckiem i przynie\u015b do przedszkola do 20.10.2023r.: dekoracje z dar\u00f3w jesieni symbole jesieni w nowych aran\u017cacjach w\u0142asnor\u0119cznie zdobione przedmioty codziennego u\u017cytku domowe konfitury a tak\u017ce wszystko to co podpowie [&hellip;]","og_url":"https:\/\/ple161.poznan.pl\/?page_id=8739","og_site_name":"Przedszkole im. Ksi\u0119cia Przemys\u0142awa","article_modified_time":"2025-10-08T15:29:39+00:00","twitter_card":"summary_large_image","twitter_misc":{"Szacowany czas czytania":"1 minuta"},"schema":{"@context":"https:\/\/schema.org","@graph":[{"@type":"WebPage","@id":"https:\/\/ple161.poznan.pl\/?page_id=8739","url":"https:\/\/ple161.poznan.pl\/?page_id=8739","name":"Rada Rodzic\u00f3w - Przedszkole im. Ksi\u0119cia Przemys\u0142awa","isPartOf":{"@id":"https:\/\/www.przedszkole161.pl\/#website"},"datePublished":"2023-10-24T05:01:31+00:00","dateModified":"2025-10-08T15:29:39+00:00","breadcrumb":{"@id":"https:\/\/ple161.poznan.pl\/?page_id=8739#breadcrumb"},"inLanguage":"pl-PL","potentialAction":[{"@type":"ReadAction","target":["https:\/\/ple161.poznan.pl\/?page_id=8739"]}]},{"@type":"BreadcrumbList","@id":"https:\/\/ple161.poznan.pl\/?page_id=8739#breadcrumb","itemListElement":[{"@type":"ListItem","position":1,"name":"Strona g\u0142\u00f3wna","item":"https:\/\/www.przedszkole161.pl\/"},{"@type":"ListItem","position":2,"name":"Rada Rodzic\u00f3w"}]},{"@type":"WebSite","@id":"https:\/\/www.przedszkole161.pl\/#website","url":"https:\/\/www.przedszkole161.pl\/","name":"Przedszkole im. Ksi\u0119cia Przemys\u0142awa 161","description":"","potentialAction":[{"@type":"SearchAction","target":{"@type":"EntryPoint","urlTemplate":"https:\/\/www.przedszkole161.pl\/?s={search_term_string}"},"query-input":{"@type":"PropertyValueSpecification","valueRequired":true,"valueName":"search_term_string"}}],"inLanguage":"pl-PL"}]}},"_links":{"self":[{"href":"https:\/\/ple161.poznan.pl\/index.php?rest_route=\/wp\/v2\/pages\/8739","targetHints":{"allow":["GET"]}}],"collection":[{"href":"https:\/\/ple161.poznan.pl\/index.php?rest_route=\/wp\/v2\/pages"}],"about":[{"href":"https:\/\/ple161.poznan.pl\/index.php?rest_route=\/wp\/v2\/types\/page"}],"author":[{"embeddable":true,"href":"https:\/\/ple161.poznan.pl\/index.php?rest_route=\/wp\/v2\/users\/1"}],"replies":[{"embeddable":true,"href":"https:\/\/ple161.poznan.pl\/index.php?rest_route=%2Fwp%2Fv2%2Fcomments&post=8739"}],"version-history":[{"count":20,"href":"https:\/\/ple161.poznan.pl\/index.php?rest_route=\/wp\/v2\/pages\/8739\/revisions"}],"predecessor-version":[{"id":10741,"href":"https:\/\/ple161.poznan.pl\/index.php?rest_route=\/wp\/v2\/pages\/8739\/revisions\/10741"}],"wp:attachment":[{"href":"https:\/\/ple161.poznan.pl\/index.php?rest_route=%2Fwp%2Fv2%2Fmedia&parent=8739"}],"curies":[{"name":"wp","href":"https:\/\/api.w.org\/{rel}","templated":true}]}}

Rada Rodziców

<ul>
<li>Regulamin Rady Rodziców w <a href="https://ple161.poznan.pl/wp-content/uploads/2025/10/KMWACD564E81A02_20251007_121859.pdf">pliku</a></li>
<li>Uchwała w <a href="https://ple161.poznan.pl/wp-content/uploads/2025/10/KMWACD564E81A02_20251007_121859-2.pdf">pliku</a></li>
<li>Plan pracy Rady Rodziców na rok szkolny 2025/2026 w<a href="https://ple161.poznan.pl/wp-content/uploads/2025/10/KMWACD564E81A02_20251007_121836.pdf"> pliku</a></li>
</ul>
<p><strong>Kiermasz Jesienny</strong></p>
<p>Przygotuj  sam lub wykonaj wraz z dzieckiem i przynieś do przedszkola do 20.10.2023r.:</p>
<ul>
<li>dekoracje z darów jesieni</li>
<li>symbole jesieni w nowych aranżacjach</li>
<li>własnoręcznie zdobione przedmioty codziennego użytku</li>
<li>domowe konfitury a także wszystko to co podpowie wyobraźnia</li>
</ul>
<p><strong>Kiermasz Bożonarodzeniowy</strong></p>
<p>Treść ogłoszenia do pobrania w<a href="https://ple161.poznan.pl/wp-content/uploads/2023/11/Kiermasz-Swiateczny-plakat.pdf"> pliku</a></p>
<p>Sprawozdanie Finansowe Rady Rodziców za okres wrzesień 2023r.-marzec 2024r.w <a href="https://ple161.poznan.pl/wp-content/uploads/2024/04/Sprawozdanie-finansowe-Rady-Rodzicow.docx">pliku </a></p>
<p>Sprawozdanie Finansowe Rady Rodziców za okres wrzesień 2023r.-maj 2024r.w <a href="https://ple161.poznan.pl/wp-content/uploads/2024/06/Sprawozdanie-finansowe-Rady-Rodzicow-wrzesien-maj-1-1.docx">pliku</a></p>
<p>Sprawozdanie Finansowe Rady Rodziców 2023/2024 w <a href="https://ple161.poznan.pl/wp-content/uploads/2024/08/Sprawozdanie-finansowe-Rady-Rodzicow-za-rok-szkolny-2023-2024.docx">pliku</a></p>
<p>Sprawozdanie Finansowe Rady Rodziców I półrocze 2024/2025 w <a href="https://ple161.poznan.pl/wp-content/uploads/2025/02/Sprawozdanie-finansowe-Rady-Rodzicow-za-I-polrocze-2024-2025.docx">pliku</a></p>
<p>Sprawozdanie Finansowe Rady Rodziców za rok szkolny 2024/2025 w <a href="https://ple161.poznan.pl/wp-content/uploads/2025/08/Sprawozdanie-finansowe-Rady-Rodzicow-za-rok-szkolny-2024-2025.docx">pliku</a></p>
<p><strong>Kiermasz Wiosenno-Wielkanocny </strong></p>
<p>Treść ogłoszenia w <a href="https://ple161.poznan.pl/wp-content/uploads/2025/03/Rada-Rodzicow-przy-przedszkolu-nr-161-i.-Ksiecia-Przemyslawa-w-Poznaniu_20250316_171715_0000.pdf">pliku</a></p>

<p>Regulamin Rady Rodziców w pliku Uchwała w pliku Plan pracy Rady Rodziców na rok szkolny 2025/2026 w pliku Kiermasz Jesienny Przygotuj  sam lub wykonaj wraz z dzieckiem i przynieś do przedszkola do 20.10.2023r.: dekoracje z darów jesieni symbole jesieni w nowych aranżacjach własnoręcznie zdobione przedmioty codziennego użytku domowe konfitury a także wszystko to co podpowie [&hellip;]</p>

<!-- This site is optimized with the Yoast SEO plugin v27.5 - https://yoast.com/product/yoast-seo-wordpress/ -->
<title>Rada Rodziców - Przedszkole im. Księcia Przemysława</title>
<meta name="robots" content="noindex, follow" />
<meta property="og:locale" content="pl_PL" />
<meta property="og:type" content="article" />
<meta property="og:title" content="Rada Rodziców - Przedszkole im. Księcia Przemysława" />
<meta property="og:description" content="Regulamin Rady Rodziców w pliku Uchwała w pliku Plan pracy Rady Rodziców na rok szkolny 2025/2026 w pliku Kiermasz Jesienny Przygotuj  sam lub wykonaj wraz z dzieckiem i przynieś do przedszkola do 20.10.2023r.: dekoracje z darów jesieni symbole jesieni w nowych aranżacjach własnoręcznie zdobione przedmioty codziennego użytku domowe konfitury a także wszystko to co podpowie [&hellip;]" />
<meta property="og:url" content="https://ple161.poznan.pl/?page_id=8739" />
<meta property="og:site_name" content="Przedszkole im. Księcia Przemysława" />
<meta property="article:modified_time" content="2025-10-08T15:29:39+00:00" />
<meta name="twitter:card" content="summary_large_image" />
<meta name="twitter:label1" content="Szacowany czas czytania" />
	<meta name="twitter:data1" content="1 minuta" />
<script type="application/ld+json" class="yoast-schema-graph">{"@context":"https:\/\/schema.org","@graph":[{"@type":"WebPage","@id":"https:\/\/ple161.poznan.pl\/?page_id=8739","url":"https:\/\/ple161.poznan.pl\/?page_id=8739","name":"Rada Rodziców - Przedszkole im. Księcia Przemysława","isPartOf":{"@id":"https:\/\/www.przedszkole161.pl\/#website"},"datePublished":"2023-10-24T05:01:31+00:00","dateModified":"2025-10-08T15:29:39+00:00","breadcrumb":{"@id":"https:\/\/ple161.poznan.pl\/?page_id=8739#breadcrumb"},"inLanguage":"pl-PL","potentialAction":[{"@type":"ReadAction","target":["https:\/\/ple161.poznan.pl\/?page_id=8739"]}]},{"@type":"BreadcrumbList","@id":"https:\/\/ple161.poznan.pl\/?page_id=8739#breadcrumb","itemListElement":[{"@type":"ListItem","position":1,"name":"Strona główna","item":"https:\/\/www.przedszkole161.pl\/"},{"@type":"ListItem","position":2,"name":"Rada Rodziców"}]},{"@type":"WebSite","@id":"https:\/\/www.przedszkole161.pl\/#website","url":"https:\/\/www.przedszkole161.pl\/","name":"Przedszkole im. Księcia Przemysława 161","description":"","potentialAction":[{"@type":"SearchAction","target":{"@type":"EntryPoint","urlTemplate":"https:\/\/www.przedszkole161.pl\/?s={search_term_string}"},"query-input":{"@type":"PropertyValueSpecification","valueRequired":true,"valueName":"search_term_string"}}],"inLanguage":"pl-PL"}]}</script>
<!-- / Yoast SEO plugin. -->

Rada Rodziców - Przedszkole im. Księcia Przemysława

Regulamin Rady Rodziców w pliku Uchwała w pliku Plan pracy Rady Rodziców na rok szkolny 2025/2026 w pliku Kiermasz Jesienny Przygotuj  sam lub wykonaj wraz z dzieckiem i przynieś do przedszkola do 20.10.2023r.: dekoracje z darów jesieni symbole jesieni w nowych aranżacjach własnoręcznie zdobione przedmioty codziennego użytku domowe konfitury a także wszystko to co podpowie [&hellip;]

Przedszkole im. Księcia Przemysława

Strona główna

Przedszkole im. Księcia Przemysława 161
