{"id":5674,"date":"2021-03-16T19:17:12","date_gmt":"2021-03-16T18:17:12","guid":{"rendered":"http:\/\/ple161.poznan.pl\/?page_id=5674"},"modified":"2026-01-18T18:43:32","modified_gmt":"2026-01-18T17:43:32","slug":"statut-przedszkola","status":"publish","type":"page","link":"https:\/\/ple161.poznan.pl\/?page_id=5674","title":{"rendered":"Statut Przedszkola"},"content":{"rendered":"\r\n<ol class=\"wp-block-list\">\r\n<li><a href=\"https:\/\/ple161.poznan.pl\/wp-content\/uploads\/2022\/11\/STATUT-23.01.2020-tekst-jednolity-zmiany-wrzesien-2022.pdf\">Statut Przedszkola Nr 161 Ksi\u0119cia Przemys\u0142awa w Poznaniu<\/a><\/li>\r\n<li><a href=\"https:\/\/ple161.poznan.pl\/wp-content\/uploads\/2021\/03\/Aneks_do_statutu_15022021.pdf\">Aneks do statutu nr 1<\/a><\/li>\r\n<li><a href=\"https:\/\/ple161.poznan.pl\/wp-content\/uploads\/2021\/10\/P161-aneks-do-Statutu-nr-2.pdf\">Aneks do statutu nr 2<\/a><\/li>\r\n<li><a href=\"https:\/\/ple161.poznan.pl\/wp-content\/uploads\/2022\/11\/Aneks-Zalacznik-nr-1-do-zarzadzeni-dyrektora-nr-18-Statut1-3.pdf\">Aneks do statutu nr 3<\/a><\/li>\r\n<li><a href=\"https:\/\/ple161.poznan.pl\/wp-content\/uploads\/2024\/01\/aneks-do-statutu-2-20232-1.docx\">Aneks do statutu nr 4<\/a><\/li>\r\n<li><a href=\"https:\/\/ple161.poznan.pl\/wp-content\/uploads\/2026\/01\/aneks-do-statutu2.docx\">Aneks do statutu<\/a><\/li>\r\n<\/ol>\r\n\r\n\r\n\r\n<p>&nbsp;<\/p>\r\n","protected":false},"excerpt":{"rendered":"<p>Statut Przedszkola Nr 161 Ksi\u0119cia Przemys\u0142awa w Poznaniu Aneks do statutu nr 1 Aneks do statutu nr 2 Aneks do statutu nr 3 Aneks do statutu nr 4 Aneks do statutu &nbsp;<\/p>\n","protected":false},"author":1,"featured_media":0,"parent":0,"menu_order":0,"comment_status":"closed","ping_status":"closed","template":"","meta":{"ngg_post_thumbnail":0,"footnotes":""},"class_list":["post-5674","page","type-page","status-publish","hentry"],"yoast_head":"<!-- This site is optimized with the Yoast SEO plugin v27.5 - https:\/\/yoast.com\/product\/yoast-seo-wordpress\/ -->\n<title>Statut Przedszkola - Przedszkole im. Ksi\u0119cia Przemys\u0142awa<\/title>\n<meta name=\"robots\" content=\"noindex, follow\" \/>\n<meta property=\"og:locale\" content=\"pl_PL\" \/>\n<meta property=\"og:type\" content=\"article\" \/>\n<meta property=\"og:title\" content=\"Statut Przedszkola - Przedszkole im. Ksi\u0119cia Przemys\u0142awa\" \/>\n<meta property=\"og:description\" content=\"Statut Przedszkola Nr 161 Ksi\u0119cia Przemys\u0142awa w Poznaniu Aneks do statutu nr 1 Aneks do statutu nr 2 Aneks do statutu nr 3 Aneks do statutu nr 4 Aneks do statutu &nbsp;\" \/>\n<meta property=\"og:url\" content=\"https:\/\/ple161.poznan.pl\/?page_id=5674\" \/>\n<meta property=\"og:site_name\" content=\"Przedszkole im. Ksi\u0119cia Przemys\u0142awa\" \/>\n<meta property=\"article:modified_time\" content=\"2026-01-18T17:43:32+00:00\" \/>\n<meta name=\"twitter:card\" content=\"summary_large_image\" \/>\n<meta name=\"twitter:label1\" content=\"Szacowany czas czytania\" \/>\n\t<meta name=\"twitter:data1\" content=\"1 minuta\" \/>\n<script type=\"application\/ld+json\" class=\"yoast-schema-graph\">{\"@context\":\"https:\\\/\\\/schema.org\",\"@graph\":[{\"@type\":\"WebPage\",\"@id\":\"https:\\\/\\\/ple161.poznan.pl\\\/?page_id=5674\",\"url\":\"https:\\\/\\\/ple161.poznan.pl\\\/?page_id=5674\",\"name\":\"Statut Przedszkola - Przedszkole im. Ksi\u0119cia Przemys\u0142awa\",\"isPartOf\":{\"@id\":\"https:\\\/\\\/www.przedszkole161.pl\\\/#website\"},\"datePublished\":\"2021-03-16T18:17:12+00:00\",\"dateModified\":\"2026-01-18T17:43:32+00:00\",\"breadcrumb\":{\"@id\":\"https:\\\/\\\/ple161.poznan.pl\\\/?page_id=5674#breadcrumb\"},\"inLanguage\":\"pl-PL\",\"potentialAction\":[{\"@type\":\"ReadAction\",\"target\":[\"https:\\\/\\\/ple161.poznan.pl\\\/?page_id=5674\"]}]},{\"@type\":\"BreadcrumbList\",\"@id\":\"https:\\\/\\\/ple161.poznan.pl\\\/?page_id=5674#breadcrumb\",\"itemListElement\":[{\"@type\":\"ListItem\",\"position\":1,\"name\":\"Strona g\u0142\u00f3wna\",\"item\":\"https:\\\/\\\/www.przedszkole161.pl\\\/\"},{\"@type\":\"ListItem\",\"position\":2,\"name\":\"Statut Przedszkola\"}]},{\"@type\":\"WebSite\",\"@id\":\"https:\\\/\\\/www.przedszkole161.pl\\\/#website\",\"url\":\"https:\\\/\\\/www.przedszkole161.pl\\\/\",\"name\":\"Przedszkole im. Ksi\u0119cia Przemys\u0142awa 161\",\"description\":\"\",\"potentialAction\":[{\"@type\":\"SearchAction\",\"target\":{\"@type\":\"EntryPoint\",\"urlTemplate\":\"https:\\\/\\\/www.przedszkole161.pl\\\/?s={search_term_string}\"},\"query-input\":{\"@type\":\"PropertyValueSpecification\",\"valueRequired\":true,\"valueName\":\"search_term_string\"}}],\"inLanguage\":\"pl-PL\"}]}<\/script>\n<!-- \/ Yoast SEO plugin. -->","yoast_head_json":{"title":"Statut Przedszkola - Przedszkole im. Ksi\u0119cia Przemys\u0142awa","robots":{"index":"noindex","follow":"follow"},"og_locale":"pl_PL","og_type":"article","og_title":"Statut Przedszkola - Przedszkole im. Ksi\u0119cia Przemys\u0142awa","og_description":"Statut Przedszkola Nr 161 Ksi\u0119cia Przemys\u0142awa w Poznaniu Aneks do statutu nr 1 Aneks do statutu nr 2 Aneks do statutu nr 3 Aneks do statutu nr 4 Aneks do statutu &nbsp;","og_url":"https:\/\/ple161.poznan.pl\/?page_id=5674","og_site_name":"Przedszkole im. Ksi\u0119cia Przemys\u0142awa","article_modified_time":"2026-01-18T17:43:32+00:00","twitter_card":"summary_large_image","twitter_misc":{"Szacowany czas czytania":"1 minuta"},"schema":{"@context":"https:\/\/schema.org","@graph":[{"@type":"WebPage","@id":"https:\/\/ple161.poznan.pl\/?page_id=5674","url":"https:\/\/ple161.poznan.pl\/?page_id=5674","name":"Statut Przedszkola - Przedszkole im. Ksi\u0119cia Przemys\u0142awa","isPartOf":{"@id":"https:\/\/www.przedszkole161.pl\/#website"},"datePublished":"2021-03-16T18:17:12+00:00","dateModified":"2026-01-18T17:43:32+00:00","breadcrumb":{"@id":"https:\/\/ple161.poznan.pl\/?page_id=5674#breadcrumb"},"inLanguage":"pl-PL","potentialAction":[{"@type":"ReadAction","target":["https:\/\/ple161.poznan.pl\/?page_id=5674"]}]},{"@type":"BreadcrumbList","@id":"https:\/\/ple161.poznan.pl\/?page_id=5674#breadcrumb","itemListElement":[{"@type":"ListItem","position":1,"name":"Strona g\u0142\u00f3wna","item":"https:\/\/www.przedszkole161.pl\/"},{"@type":"ListItem","position":2,"name":"Statut Przedszkola"}]},{"@type":"WebSite","@id":"https:\/\/www.przedszkole161.pl\/#website","url":"https:\/\/www.przedszkole161.pl\/","name":"Przedszkole im. Ksi\u0119cia Przemys\u0142awa 161","description":"","potentialAction":[{"@type":"SearchAction","target":{"@type":"EntryPoint","urlTemplate":"https:\/\/www.przedszkole161.pl\/?s={search_term_string}"},"query-input":{"@type":"PropertyValueSpecification","valueRequired":true,"valueName":"search_term_string"}}],"inLanguage":"pl-PL"}]}},"_links":{"self":[{"href":"https:\/\/ple161.poznan.pl\/index.php?rest_route=\/wp\/v2\/pages\/5674","targetHints":{"allow":["GET"]}}],"collection":[{"href":"https:\/\/ple161.poznan.pl\/index.php?rest_route=\/wp\/v2\/pages"}],"about":[{"href":"https:\/\/ple161.poznan.pl\/index.php?rest_route=\/wp\/v2\/types\/page"}],"author":[{"embeddable":true,"href":"https:\/\/ple161.poznan.pl\/index.php?rest_route=\/wp\/v2\/users\/1"}],"replies":[{"embeddable":true,"href":"https:\/\/ple161.poznan.pl\/index.php?rest_route=%2Fwp%2Fv2%2Fcomments&post=5674"}],"version-history":[{"count":11,"href":"https:\/\/ple161.poznan.pl\/index.php?rest_route=\/wp\/v2\/pages\/5674\/revisions"}],"predecessor-version":[{"id":11030,"href":"https:\/\/ple161.poznan.pl\/index.php?rest_route=\/wp\/v2\/pages\/5674\/revisions\/11030"}],"wp:attachment":[{"href":"https:\/\/ple161.poznan.pl\/index.php?rest_route=%2Fwp%2Fv2%2Fmedia&parent=5674"}],"curies":[{"name":"wp","href":"https:\/\/api.w.org\/{rel}","templated":true}]}}

<ol class="wp-block-list">
<li><a href="https://ple161.poznan.pl/wp-content/uploads/2022/11/STATUT-23.01.2020-tekst-jednolity-zmiany-wrzesien-2022.pdf">Statut Przedszkola Nr 161 Księcia Przemysława w Poznaniu</a></li>
<li><a href="https://ple161.poznan.pl/wp-content/uploads/2021/03/Aneks_do_statutu_15022021.pdf">Aneks do statutu nr 1</a></li>
<li><a href="https://ple161.poznan.pl/wp-content/uploads/2021/10/P161-aneks-do-Statutu-nr-2.pdf">Aneks do statutu nr 2</a></li>
<li><a href="https://ple161.poznan.pl/wp-content/uploads/2022/11/Aneks-Zalacznik-nr-1-do-zarzadzeni-dyrektora-nr-18-Statut1-3.pdf">Aneks do statutu nr 3</a></li>
<li><a href="https://ple161.poznan.pl/wp-content/uploads/2024/01/aneks-do-statutu-2-20232-1.docx">Aneks do statutu nr 4</a></li>
<li><a href="https://ple161.poznan.pl/wp-content/uploads/2026/01/aneks-do-statutu2.docx">Aneks do statutu</a></li>
</ol>



<p>&nbsp;</p>

<p>Statut Przedszkola Nr 161 Księcia Przemysława w Poznaniu Aneks do statutu nr 1 Aneks do statutu nr 2 Aneks do statutu nr 3 Aneks do statutu nr 4 Aneks do statutu &nbsp;</p>

<!-- This site is optimized with the Yoast SEO plugin v27.5 - https://yoast.com/product/yoast-seo-wordpress/ -->
<title>Statut Przedszkola - Przedszkole im. Księcia Przemysława</title>
<meta name="robots" content="noindex, follow" />
<meta property="og:locale" content="pl_PL" />
<meta property="og:type" content="article" />
<meta property="og:title" content="Statut Przedszkola - Przedszkole im. Księcia Przemysława" />
<meta property="og:description" content="Statut Przedszkola Nr 161 Księcia Przemysława w Poznaniu Aneks do statutu nr 1 Aneks do statutu nr 2 Aneks do statutu nr 3 Aneks do statutu nr 4 Aneks do statutu &nbsp;" />
<meta property="og:url" content="https://ple161.poznan.pl/?page_id=5674" />
<meta property="og:site_name" content="Przedszkole im. Księcia Przemysława" />
<meta property="article:modified_time" content="2026-01-18T17:43:32+00:00" />
<meta name="twitter:card" content="summary_large_image" />
<meta name="twitter:label1" content="Szacowany czas czytania" />
	<meta name="twitter:data1" content="1 minuta" />
<script type="application/ld+json" class="yoast-schema-graph">{"@context":"https:\/\/schema.org","@graph":[{"@type":"WebPage","@id":"https:\/\/ple161.poznan.pl\/?page_id=5674","url":"https:\/\/ple161.poznan.pl\/?page_id=5674","name":"Statut Przedszkola - Przedszkole im. Księcia Przemysława","isPartOf":{"@id":"https:\/\/www.przedszkole161.pl\/#website"},"datePublished":"2021-03-16T18:17:12+00:00","dateModified":"2026-01-18T17:43:32+00:00","breadcrumb":{"@id":"https:\/\/ple161.poznan.pl\/?page_id=5674#breadcrumb"},"inLanguage":"pl-PL","potentialAction":[{"@type":"ReadAction","target":["https:\/\/ple161.poznan.pl\/?page_id=5674"]}]},{"@type":"BreadcrumbList","@id":"https:\/\/ple161.poznan.pl\/?page_id=5674#breadcrumb","itemListElement":[{"@type":"ListItem","position":1,"name":"Strona główna","item":"https:\/\/www.przedszkole161.pl\/"},{"@type":"ListItem","position":2,"name":"Statut Przedszkola"}]},{"@type":"WebSite","@id":"https:\/\/www.przedszkole161.pl\/#website","url":"https:\/\/www.przedszkole161.pl\/","name":"Przedszkole im. Księcia Przemysława 161","description":"","potentialAction":[{"@type":"SearchAction","target":{"@type":"EntryPoint","urlTemplate":"https:\/\/www.przedszkole161.pl\/?s={search_term_string}"},"query-input":{"@type":"PropertyValueSpecification","valueRequired":true,"valueName":"search_term_string"}}],"inLanguage":"pl-PL"}]}</script>
<!-- / Yoast SEO plugin. -->

Statut Przedszkola - Przedszkole im. Księcia Przemysława

Statut Przedszkola Nr 161 Księcia Przemysława w Poznaniu Aneks do statutu nr 1 Aneks do statutu nr 2 Aneks do statutu nr 3 Aneks do statutu nr 4 Aneks do statutu &nbsp;

Przedszkole im. Księcia Przemysława

Strona główna

Przedszkole im. Księcia Przemysława 161
