{"id":5110,"date":"2020-06-06T07:02:53","date_gmt":"2020-06-06T06:02:53","guid":{"rendered":"http:\/\/ple161.poznan.pl\/?page_id=5110"},"modified":"2022-10-16T18:04:07","modified_gmt":"2022-10-16T17:04:07","slug":"koncepcja","status":"publish","type":"page","link":"https:\/\/ple161.poznan.pl\/?page_id=5110","title":{"rendered":"Koncepcja"},"content":{"rendered":"\r\n<figure class=\"wp-block-image size-large\"><a href=\"https:\/\/ple161.poznan.pl\/wp-content\/uploads\/2012\/12\/kocepcja.pdf\"><img loading=\"lazy\" decoding=\"async\" width=\"841\" height=\"882\" class=\"wp-image-5111\" src=\"https:\/\/ple161.poznan.pl\/wp-content\/uploads\/2020\/06\/image.png\" alt=\"\" srcset=\"https:\/\/ple161.poznan.pl\/wp-content\/uploads\/2020\/06\/image.png 841w, https:\/\/ple161.poznan.pl\/wp-content\/uploads\/2020\/06\/image-286x300.png 286w, https:\/\/ple161.poznan.pl\/wp-content\/uploads\/2020\/06\/image-768x805.png 768w\" sizes=\"auto, (max-width: 841px) 100vw, 841px\" \/><\/a>\r\n<figcaption>Koncepcja pracy przedszkola<\/figcaption>\r\n<\/figure>\r\n\r\n\r\n\r\n<ul class=\"wp-block-list\">\r\n<li><a href=\"https:\/\/ple161.poznan.pl\/wp-content\/uploads\/2012\/12\/kocepcja.pdf\">Koncepcja Pracy Przedszkola NR. 161 Ksi\u0119cia Przemys\u0142awa w Poznaniu<\/a><\/li>\r\n<li><a href=\"https:\/\/ple161.poznan.pl\/wp-content\/uploads\/2020\/06\/2012modyfikacja_koncepcji.pdf\">Pierwsza modyfikacja koncepcji &#8211; wrzesie\u0144 2012<\/a><\/li>\r\n<li><a href=\"https:\/\/ple161.poznan.pl\/wp-content\/uploads\/2020\/06\/2017modyfikacja_koncepcji.pdf\">Druga modyfikacja <\/a><a href=\"https:\/\/ple161.poznan.pl\/wp-content\/uploads\/2020\/06\/2012modyfikacja_koncepcji.pdf\">koncepcji &#8211;<\/a> <a href=\"https:\/\/ple161.poznan.pl\/wp-content\/uploads\/2020\/06\/2017modyfikacja_koncepcji.pdf\">wrzesie\u0144 2017<\/a><\/li>\r\n<li><a href=\"https:\/\/ple161.poznan.pl\/wp-content\/uploads\/2020\/06\/2019modyfikacja_koncepcji.pdf\">Trzecia modyfikacja <\/a><a href=\"https:\/\/ple161.poznan.pl\/wp-content\/uploads\/2020\/06\/2012modyfikacja_koncepcji.pdf\">koncepcji &#8211;<\/a> <a href=\"https:\/\/ple161.poznan.pl\/wp-content\/uploads\/2020\/06\/2019modyfikacja_koncepcji.pdf\">wrzesie\u0144 2019<\/a><\/li>\r\n<li><a href=\"https:\/\/ple161.poznan.pl\/wp-content\/uploads\/2022\/10\/Modyfikacja-koncepcji-2022r.docx\">Czwarta modyfikacja koncepcji &#8211; wrzesie\u0144 2022<\/a><\/li>\r\n<\/ul>\r\n","protected":false},"excerpt":{"rendered":"<p>Koncepcja Pracy Przedszkola NR. 161 Ksi\u0119cia Przemys\u0142awa w Poznaniu Pierwsza modyfikacja koncepcji &#8211; wrzesie\u0144 2012 Druga modyfikacja koncepcji &#8211; wrzesie\u0144 2017 Trzecia modyfikacja koncepcji &#8211; wrzesie\u0144 2019 Czwarta modyfikacja koncepcji &#8211; wrzesie\u0144 2022<\/p>\n","protected":false},"author":1,"featured_media":0,"parent":0,"menu_order":0,"comment_status":"closed","ping_status":"closed","template":"","meta":{"ngg_post_thumbnail":0,"footnotes":""},"class_list":["post-5110","page","type-page","status-publish","hentry"],"yoast_head":"<!-- This site is optimized with the Yoast SEO plugin v27.5 - https:\/\/yoast.com\/product\/yoast-seo-wordpress\/ -->\n<title>Koncepcja - Przedszkole im. Ksi\u0119cia Przemys\u0142awa<\/title>\n<meta name=\"robots\" content=\"noindex, follow\" \/>\n<meta property=\"og:locale\" content=\"pl_PL\" \/>\n<meta property=\"og:type\" content=\"article\" \/>\n<meta property=\"og:title\" content=\"Koncepcja - Przedszkole im. Ksi\u0119cia Przemys\u0142awa\" \/>\n<meta property=\"og:description\" content=\"Koncepcja Pracy Przedszkola NR. 161 Ksi\u0119cia Przemys\u0142awa w Poznaniu Pierwsza modyfikacja koncepcji &#8211; wrzesie\u0144 2012 Druga modyfikacja koncepcji &#8211; wrzesie\u0144 2017 Trzecia modyfikacja koncepcji &#8211; wrzesie\u0144 2019 Czwarta modyfikacja koncepcji &#8211; wrzesie\u0144 2022\" \/>\n<meta property=\"og:url\" content=\"https:\/\/www.przedszkole161.pl\/?page_id=5110\" \/>\n<meta property=\"og:site_name\" content=\"Przedszkole im. Ksi\u0119cia Przemys\u0142awa\" \/>\n<meta property=\"article:modified_time\" content=\"2022-10-16T17:04:07+00:00\" \/>\n<meta property=\"og:image\" content=\"http:\/\/www.przedszkole161.pl\/wp-content\/uploads\/2020\/06\/image.png\" \/>\n<meta name=\"twitter:card\" content=\"summary_large_image\" \/>\n<script type=\"application\/ld+json\" class=\"yoast-schema-graph\">{\"@context\":\"https:\\\/\\\/schema.org\",\"@graph\":[{\"@type\":\"WebPage\",\"@id\":\"https:\\\/\\\/www.przedszkole161.pl\\\/?page_id=5110\",\"url\":\"https:\\\/\\\/www.przedszkole161.pl\\\/?page_id=5110\",\"name\":\"Koncepcja - Przedszkole im. Ksi\u0119cia Przemys\u0142awa\",\"isPartOf\":{\"@id\":\"https:\\\/\\\/www.przedszkole161.pl\\\/#website\"},\"primaryImageOfPage\":{\"@id\":\"https:\\\/\\\/www.przedszkole161.pl\\\/?page_id=5110#primaryimage\"},\"image\":{\"@id\":\"https:\\\/\\\/www.przedszkole161.pl\\\/?page_id=5110#primaryimage\"},\"thumbnailUrl\":\"http:\\\/\\\/ple161.poznan.pl\\\/wp-content\\\/uploads\\\/2020\\\/06\\\/image.png\",\"datePublished\":\"2020-06-06T06:02:53+00:00\",\"dateModified\":\"2022-10-16T17:04:07+00:00\",\"breadcrumb\":{\"@id\":\"https:\\\/\\\/www.przedszkole161.pl\\\/?page_id=5110#breadcrumb\"},\"inLanguage\":\"pl-PL\",\"potentialAction\":[{\"@type\":\"ReadAction\",\"target\":[\"https:\\\/\\\/www.przedszkole161.pl\\\/?page_id=5110\"]}]},{\"@type\":\"ImageObject\",\"inLanguage\":\"pl-PL\",\"@id\":\"https:\\\/\\\/www.przedszkole161.pl\\\/?page_id=5110#primaryimage\",\"url\":\"http:\\\/\\\/ple161.poznan.pl\\\/wp-content\\\/uploads\\\/2020\\\/06\\\/image.png\",\"contentUrl\":\"http:\\\/\\\/ple161.poznan.pl\\\/wp-content\\\/uploads\\\/2020\\\/06\\\/image.png\"},{\"@type\":\"BreadcrumbList\",\"@id\":\"https:\\\/\\\/www.przedszkole161.pl\\\/?page_id=5110#breadcrumb\",\"itemListElement\":[{\"@type\":\"ListItem\",\"position\":1,\"name\":\"Strona g\u0142\u00f3wna\",\"item\":\"https:\\\/\\\/www.przedszkole161.pl\\\/\"},{\"@type\":\"ListItem\",\"position\":2,\"name\":\"Koncepcja\"}]},{\"@type\":\"WebSite\",\"@id\":\"https:\\\/\\\/www.przedszkole161.pl\\\/#website\",\"url\":\"https:\\\/\\\/www.przedszkole161.pl\\\/\",\"name\":\"Przedszkole im. Ksi\u0119cia Przemys\u0142awa 161\",\"description\":\"\",\"potentialAction\":[{\"@type\":\"SearchAction\",\"target\":{\"@type\":\"EntryPoint\",\"urlTemplate\":\"https:\\\/\\\/www.przedszkole161.pl\\\/?s={search_term_string}\"},\"query-input\":{\"@type\":\"PropertyValueSpecification\",\"valueRequired\":true,\"valueName\":\"search_term_string\"}}],\"inLanguage\":\"pl-PL\"}]}<\/script>\n<!-- \/ Yoast SEO plugin. -->","yoast_head_json":{"title":"Koncepcja - Przedszkole im. Ksi\u0119cia Przemys\u0142awa","robots":{"index":"noindex","follow":"follow"},"og_locale":"pl_PL","og_type":"article","og_title":"Koncepcja - Przedszkole im. Ksi\u0119cia Przemys\u0142awa","og_description":"Koncepcja Pracy Przedszkola NR. 161 Ksi\u0119cia Przemys\u0142awa w Poznaniu Pierwsza modyfikacja koncepcji &#8211; wrzesie\u0144 2012 Druga modyfikacja koncepcji &#8211; wrzesie\u0144 2017 Trzecia modyfikacja koncepcji &#8211; wrzesie\u0144 2019 Czwarta modyfikacja koncepcji &#8211; wrzesie\u0144 2022","og_url":"https:\/\/www.przedszkole161.pl\/?page_id=5110","og_site_name":"Przedszkole im. Ksi\u0119cia Przemys\u0142awa","article_modified_time":"2022-10-16T17:04:07+00:00","og_image":[{"url":"http:\/\/www.przedszkole161.pl\/wp-content\/uploads\/2020\/06\/image.png","type":"","width":"","height":""}],"twitter_card":"summary_large_image","schema":{"@context":"https:\/\/schema.org","@graph":[{"@type":"WebPage","@id":"https:\/\/www.przedszkole161.pl\/?page_id=5110","url":"https:\/\/www.przedszkole161.pl\/?page_id=5110","name":"Koncepcja - Przedszkole im. Ksi\u0119cia Przemys\u0142awa","isPartOf":{"@id":"https:\/\/www.przedszkole161.pl\/#website"},"primaryImageOfPage":{"@id":"https:\/\/www.przedszkole161.pl\/?page_id=5110#primaryimage"},"image":{"@id":"https:\/\/www.przedszkole161.pl\/?page_id=5110#primaryimage"},"thumbnailUrl":"http:\/\/ple161.poznan.pl\/wp-content\/uploads\/2020\/06\/image.png","datePublished":"2020-06-06T06:02:53+00:00","dateModified":"2022-10-16T17:04:07+00:00","breadcrumb":{"@id":"https:\/\/www.przedszkole161.pl\/?page_id=5110#breadcrumb"},"inLanguage":"pl-PL","potentialAction":[{"@type":"ReadAction","target":["https:\/\/www.przedszkole161.pl\/?page_id=5110"]}]},{"@type":"ImageObject","inLanguage":"pl-PL","@id":"https:\/\/www.przedszkole161.pl\/?page_id=5110#primaryimage","url":"http:\/\/ple161.poznan.pl\/wp-content\/uploads\/2020\/06\/image.png","contentUrl":"http:\/\/ple161.poznan.pl\/wp-content\/uploads\/2020\/06\/image.png"},{"@type":"BreadcrumbList","@id":"https:\/\/www.przedszkole161.pl\/?page_id=5110#breadcrumb","itemListElement":[{"@type":"ListItem","position":1,"name":"Strona g\u0142\u00f3wna","item":"https:\/\/www.przedszkole161.pl\/"},{"@type":"ListItem","position":2,"name":"Koncepcja"}]},{"@type":"WebSite","@id":"https:\/\/www.przedszkole161.pl\/#website","url":"https:\/\/www.przedszkole161.pl\/","name":"Przedszkole im. Ksi\u0119cia Przemys\u0142awa 161","description":"","potentialAction":[{"@type":"SearchAction","target":{"@type":"EntryPoint","urlTemplate":"https:\/\/www.przedszkole161.pl\/?s={search_term_string}"},"query-input":{"@type":"PropertyValueSpecification","valueRequired":true,"valueName":"search_term_string"}}],"inLanguage":"pl-PL"}]}},"_links":{"self":[{"href":"https:\/\/ple161.poznan.pl\/index.php?rest_route=\/wp\/v2\/pages\/5110","targetHints":{"allow":["GET"]}}],"collection":[{"href":"https:\/\/ple161.poznan.pl\/index.php?rest_route=\/wp\/v2\/pages"}],"about":[{"href":"https:\/\/ple161.poznan.pl\/index.php?rest_route=\/wp\/v2\/types\/page"}],"author":[{"embeddable":true,"href":"https:\/\/ple161.poznan.pl\/index.php?rest_route=\/wp\/v2\/users\/1"}],"replies":[{"embeddable":true,"href":"https:\/\/ple161.poznan.pl\/index.php?rest_route=%2Fwp%2Fv2%2Fcomments&post=5110"}],"version-history":[{"count":5,"href":"https:\/\/ple161.poznan.pl\/index.php?rest_route=\/wp\/v2\/pages\/5110\/revisions"}],"predecessor-version":[{"id":7498,"href":"https:\/\/ple161.poznan.pl\/index.php?rest_route=\/wp\/v2\/pages\/5110\/revisions\/7498"}],"wp:attachment":[{"href":"https:\/\/ple161.poznan.pl\/index.php?rest_route=%2Fwp%2Fv2%2Fmedia&parent=5110"}],"curies":[{"name":"wp","href":"https:\/\/api.w.org\/{rel}","templated":true}]}}

<figure class="wp-block-image size-large"><a href="https://ple161.poznan.pl/wp-content/uploads/2012/12/kocepcja.pdf"><img loading="lazy" decoding="async" width="841" height="882" class="wp-image-5111" src="https://ple161.poznan.pl/wp-content/uploads/2020/06/image.png" alt="" srcset="https://ple161.poznan.pl/wp-content/uploads/2020/06/image.png 841w, https://ple161.poznan.pl/wp-content/uploads/2020/06/image-286x300.png 286w, https://ple161.poznan.pl/wp-content/uploads/2020/06/image-768x805.png 768w" sizes="auto, (max-width: 841px) 100vw, 841px" /></a>
<figcaption>Koncepcja pracy przedszkola</figcaption>
</figure>



<ul class="wp-block-list">
<li><a href="https://ple161.poznan.pl/wp-content/uploads/2012/12/kocepcja.pdf">Koncepcja Pracy Przedszkola NR. 161 Księcia Przemysława w Poznaniu</a></li>
<li><a href="https://ple161.poznan.pl/wp-content/uploads/2020/06/2012modyfikacja_koncepcji.pdf">Pierwsza modyfikacja koncepcji &#8211; wrzesień 2012</a></li>
<li><a href="https://ple161.poznan.pl/wp-content/uploads/2020/06/2017modyfikacja_koncepcji.pdf">Druga modyfikacja </a><a href="https://ple161.poznan.pl/wp-content/uploads/2020/06/2012modyfikacja_koncepcji.pdf">koncepcji &#8211;</a> <a href="https://ple161.poznan.pl/wp-content/uploads/2020/06/2017modyfikacja_koncepcji.pdf">wrzesień 2017</a></li>
<li><a href="https://ple161.poznan.pl/wp-content/uploads/2020/06/2019modyfikacja_koncepcji.pdf">Trzecia modyfikacja </a><a href="https://ple161.poznan.pl/wp-content/uploads/2020/06/2012modyfikacja_koncepcji.pdf">koncepcji &#8211;</a> <a href="https://ple161.poznan.pl/wp-content/uploads/2020/06/2019modyfikacja_koncepcji.pdf">wrzesień 2019</a></li>
<li><a href="https://ple161.poznan.pl/wp-content/uploads/2022/10/Modyfikacja-koncepcji-2022r.docx">Czwarta modyfikacja koncepcji &#8211; wrzesień 2022</a></li>
</ul>

<p>Koncepcja Pracy Przedszkola NR. 161 Księcia Przemysława w Poznaniu Pierwsza modyfikacja koncepcji &#8211; wrzesień 2012 Druga modyfikacja koncepcji &#8211; wrzesień 2017 Trzecia modyfikacja koncepcji &#8211; wrzesień 2019 Czwarta modyfikacja koncepcji &#8211; wrzesień 2022</p>

<!-- This site is optimized with the Yoast SEO plugin v27.5 - https://yoast.com/product/yoast-seo-wordpress/ -->
<title>Koncepcja - Przedszkole im. Księcia Przemysława</title>
<meta name="robots" content="noindex, follow" />
<meta property="og:locale" content="pl_PL" />
<meta property="og:type" content="article" />
<meta property="og:title" content="Koncepcja - Przedszkole im. Księcia Przemysława" />
<meta property="og:description" content="Koncepcja Pracy Przedszkola NR. 161 Księcia Przemysława w Poznaniu Pierwsza modyfikacja koncepcji &#8211; wrzesień 2012 Druga modyfikacja koncepcji &#8211; wrzesień 2017 Trzecia modyfikacja koncepcji &#8211; wrzesień 2019 Czwarta modyfikacja koncepcji &#8211; wrzesień 2022" />
<meta property="og:url" content="https://www.przedszkole161.pl/?page_id=5110" />
<meta property="og:site_name" content="Przedszkole im. Księcia Przemysława" />
<meta property="article:modified_time" content="2022-10-16T17:04:07+00:00" />
<meta property="og:image" content="http://www.przedszkole161.pl/wp-content/uploads/2020/06/image.png" />
<meta name="twitter:card" content="summary_large_image" />
<script type="application/ld+json" class="yoast-schema-graph">{"@context":"https:\/\/schema.org","@graph":[{"@type":"WebPage","@id":"https:\/\/www.przedszkole161.pl\/?page_id=5110","url":"https:\/\/www.przedszkole161.pl\/?page_id=5110","name":"Koncepcja - Przedszkole im. Księcia Przemysława","isPartOf":{"@id":"https:\/\/www.przedszkole161.pl\/#website"},"primaryImageOfPage":{"@id":"https:\/\/www.przedszkole161.pl\/?page_id=5110#primaryimage"},"image":{"@id":"https:\/\/www.przedszkole161.pl\/?page_id=5110#primaryimage"},"thumbnailUrl":"http:\/\/ple161.poznan.pl\/wp-content\/uploads\/2020\/06\/image.png","datePublished":"2020-06-06T06:02:53+00:00","dateModified":"2022-10-16T17:04:07+00:00","breadcrumb":{"@id":"https:\/\/www.przedszkole161.pl\/?page_id=5110#breadcrumb"},"inLanguage":"pl-PL","potentialAction":[{"@type":"ReadAction","target":["https:\/\/www.przedszkole161.pl\/?page_id=5110"]}]},{"@type":"ImageObject","inLanguage":"pl-PL","@id":"https:\/\/www.przedszkole161.pl\/?page_id=5110#primaryimage","url":"http:\/\/ple161.poznan.pl\/wp-content\/uploads\/2020\/06\/image.png","contentUrl":"http:\/\/ple161.poznan.pl\/wp-content\/uploads\/2020\/06\/image.png"},{"@type":"BreadcrumbList","@id":"https:\/\/www.przedszkole161.pl\/?page_id=5110#breadcrumb","itemListElement":[{"@type":"ListItem","position":1,"name":"Strona główna","item":"https:\/\/www.przedszkole161.pl\/"},{"@type":"ListItem","position":2,"name":"Koncepcja"}]},{"@type":"WebSite","@id":"https:\/\/www.przedszkole161.pl\/#website","url":"https:\/\/www.przedszkole161.pl\/","name":"Przedszkole im. Księcia Przemysława 161","description":"","potentialAction":[{"@type":"SearchAction","target":{"@type":"EntryPoint","urlTemplate":"https:\/\/www.przedszkole161.pl\/?s={search_term_string}"},"query-input":{"@type":"PropertyValueSpecification","valueRequired":true,"valueName":"search_term_string"}}],"inLanguage":"pl-PL"}]}</script>
<!-- / Yoast SEO plugin. -->

Koncepcja - Przedszkole im. Księcia Przemysława

Koncepcja Pracy Przedszkola NR. 161 Księcia Przemysława w Poznaniu Pierwsza modyfikacja koncepcji &#8211; wrzesień 2012 Druga modyfikacja koncepcji &#8211; wrzesień 2017 Trzecia modyfikacja koncepcji &#8211; wrzesień 2019 Czwarta modyfikacja koncepcji &#8211; wrzesień 2022

Przedszkole im. Księcia Przemysława

Strona główna

Przedszkole im. Księcia Przemysława 161
