{"id":3373,"date":"2018-09-16T19:39:13","date_gmt":"2018-09-16T18:39:13","guid":{"rendered":"http:\/\/ple161.poznan.pl\/?page_id=3373"},"modified":"2026-04-29T10:44:49","modified_gmt":"2026-04-29T09:44:49","slug":"rodo","status":"publish","type":"page","link":"https:\/\/ple161.poznan.pl\/?page_id=3373","title":{"rendered":"Rodo"},"content":{"rendered":"\r\n<ul>\r\n<li><a href=\"https:\/\/ple161.poznan.pl\/wp-content\/uploads\/2025\/10\/1_Przedszkole_klauzula-informacyjna_ogolna-od-X-2025r.pdf\">Przedszkole_klauzula informacyjna_og\u00f3lna<\/a><\/li>\r\n<li><a href=\"https:\/\/ple161.poznan.pl\/wp-content\/uploads\/2025\/10\/3_Przedszkole_upowaznienie-do-odbioru-dziecka_klauzula-informacyjna-kilka-osob-od-X-2025.pdf\">Przedszkole upowa\u017cnienie do odbioru dziecka_klauzula informacyjna<\/a><\/li>\r\n<li><a href=\"https:\/\/ple161.poznan.pl\/wp-content\/uploads\/2025\/10\/6B_Przedszkole_wizerunek-osob-innych-niz-dzieci-dla-drugiego-rodzica-babci-dziadka-i-innych-osob_wersja-rozszerzona-1_od-X-2025.pdf\">Przedszkole wizerunek os\u00f3b innych ni\u017c dzieci<\/a><br><br><\/li>\r\n<li><a href=\"https:\/\/ple161.poznan.pl\/wp-content\/uploads\/2025\/03\/klauzula_informacyjna.pdf\">Klauzula informacyjna o przetwarzaniu danych osobowych kandydat\u00f3w i ich rodzic\u00f3w\/opiekun\u00f3w prawnych w procesie rekrutacji<\/a><\/li>\r\n<li>Inspektor Ochrony Danych Osobowych:\r\n<ul>\r\n<li>Mi\u0142osz Czerniejewski<\/li>\r\n<li>mail:&nbsp;<a href=\"iod_mjo@um.poznan.pl\">iod_mjo@um.poznan.pl<\/a><\/li>\r\n<\/ul>\r\n<\/li>\r\n<li>Zast\u0119pca Inspektora Ochrony Danych Osobowych:\r\n<ul>\r\n<li>Anna Kwieci\u0144ska<\/li>\r\n<li>mail: <a href=\"mailto:iod_mjo@um.poznan.pl\">iod_mjo@um.poznan.pl<\/a><\/li>\r\n<\/ul>\r\n<\/li>\r\n<\/ul>\r\n","protected":false},"excerpt":{"rendered":"<p>Przedszkole_klauzula informacyjna_og\u00f3lna Przedszkole upowa\u017cnienie do odbioru dziecka_klauzula informacyjna Przedszkole wizerunek os\u00f3b innych ni\u017c dzieci Klauzula informacyjna o przetwarzaniu danych osobowych kandydat\u00f3w i ich rodzic\u00f3w\/opiekun\u00f3w prawnych w procesie rekrutacji Inspektor Ochrony Danych Osobowych: Mi\u0142osz Czerniejewski mail:&nbsp;iod_mjo@um.poznan.pl Zast\u0119pca Inspektora Ochrony Danych Osobowych: Anna Kwieci\u0144ska mail: iod_mjo@um.poznan.pl<\/p>\n","protected":false},"author":1,"featured_media":0,"parent":0,"menu_order":0,"comment_status":"closed","ping_status":"closed","template":"","meta":{"ngg_post_thumbnail":0,"footnotes":""},"class_list":["post-3373","page","type-page","status-publish","hentry"],"yoast_head":"<!-- This site is optimized with the Yoast SEO plugin v27.5 - https:\/\/yoast.com\/product\/yoast-seo-wordpress\/ -->\n<title>Rodo - Przedszkole im. Ksi\u0119cia Przemys\u0142awa<\/title>\n<meta name=\"robots\" content=\"noindex, follow\" \/>\n<meta property=\"og:locale\" content=\"pl_PL\" \/>\n<meta property=\"og:type\" content=\"article\" \/>\n<meta property=\"og:title\" content=\"Rodo - Przedszkole im. Ksi\u0119cia Przemys\u0142awa\" \/>\n<meta property=\"og:description\" content=\"Przedszkole_klauzula informacyjna_og\u00f3lna Przedszkole upowa\u017cnienie do odbioru dziecka_klauzula informacyjna Przedszkole wizerunek os\u00f3b innych ni\u017c dzieci Klauzula informacyjna o przetwarzaniu danych osobowych kandydat\u00f3w i ich rodzic\u00f3w\/opiekun\u00f3w prawnych w procesie rekrutacji Inspektor Ochrony Danych Osobowych: Mi\u0142osz Czerniejewski mail:&nbsp;iod_mjo@um.poznan.pl Zast\u0119pca Inspektora Ochrony Danych Osobowych: Anna Kwieci\u0144ska mail: iod_mjo@um.poznan.pl\" \/>\n<meta property=\"og:url\" content=\"https:\/\/ple161.poznan.pl\/?page_id=3373\" \/>\n<meta property=\"og:site_name\" content=\"Przedszkole im. Ksi\u0119cia Przemys\u0142awa\" \/>\n<meta property=\"article:modified_time\" content=\"2026-04-29T09:44:49+00:00\" \/>\n<meta name=\"twitter:card\" content=\"summary_large_image\" \/>\n<meta name=\"twitter:label1\" content=\"Szacowany czas czytania\" \/>\n\t<meta name=\"twitter:data1\" content=\"1 minuta\" \/>\n<script type=\"application\/ld+json\" class=\"yoast-schema-graph\">{\"@context\":\"https:\\\/\\\/schema.org\",\"@graph\":[{\"@type\":\"WebPage\",\"@id\":\"https:\\\/\\\/ple161.poznan.pl\\\/?page_id=3373\",\"url\":\"https:\\\/\\\/ple161.poznan.pl\\\/?page_id=3373\",\"name\":\"Rodo - Przedszkole im. Ksi\u0119cia Przemys\u0142awa\",\"isPartOf\":{\"@id\":\"https:\\\/\\\/www.przedszkole161.pl\\\/#website\"},\"datePublished\":\"2018-09-16T18:39:13+00:00\",\"dateModified\":\"2026-04-29T09:44:49+00:00\",\"breadcrumb\":{\"@id\":\"https:\\\/\\\/ple161.poznan.pl\\\/?page_id=3373#breadcrumb\"},\"inLanguage\":\"pl-PL\",\"potentialAction\":[{\"@type\":\"ReadAction\",\"target\":[\"https:\\\/\\\/ple161.poznan.pl\\\/?page_id=3373\"]}]},{\"@type\":\"BreadcrumbList\",\"@id\":\"https:\\\/\\\/ple161.poznan.pl\\\/?page_id=3373#breadcrumb\",\"itemListElement\":[{\"@type\":\"ListItem\",\"position\":1,\"name\":\"Strona g\u0142\u00f3wna\",\"item\":\"https:\\\/\\\/www.przedszkole161.pl\\\/\"},{\"@type\":\"ListItem\",\"position\":2,\"name\":\"Rodo\"}]},{\"@type\":\"WebSite\",\"@id\":\"https:\\\/\\\/www.przedszkole161.pl\\\/#website\",\"url\":\"https:\\\/\\\/www.przedszkole161.pl\\\/\",\"name\":\"Przedszkole im. Ksi\u0119cia Przemys\u0142awa 161\",\"description\":\"\",\"potentialAction\":[{\"@type\":\"SearchAction\",\"target\":{\"@type\":\"EntryPoint\",\"urlTemplate\":\"https:\\\/\\\/www.przedszkole161.pl\\\/?s={search_term_string}\"},\"query-input\":{\"@type\":\"PropertyValueSpecification\",\"valueRequired\":true,\"valueName\":\"search_term_string\"}}],\"inLanguage\":\"pl-PL\"}]}<\/script>\n<!-- \/ Yoast SEO plugin. -->","yoast_head_json":{"title":"Rodo - Przedszkole im. Ksi\u0119cia Przemys\u0142awa","robots":{"index":"noindex","follow":"follow"},"og_locale":"pl_PL","og_type":"article","og_title":"Rodo - Przedszkole im. Ksi\u0119cia Przemys\u0142awa","og_description":"Przedszkole_klauzula informacyjna_og\u00f3lna Przedszkole upowa\u017cnienie do odbioru dziecka_klauzula informacyjna Przedszkole wizerunek os\u00f3b innych ni\u017c dzieci Klauzula informacyjna o przetwarzaniu danych osobowych kandydat\u00f3w i ich rodzic\u00f3w\/opiekun\u00f3w prawnych w procesie rekrutacji Inspektor Ochrony Danych Osobowych: Mi\u0142osz Czerniejewski mail:&nbsp;iod_mjo@um.poznan.pl Zast\u0119pca Inspektora Ochrony Danych Osobowych: Anna Kwieci\u0144ska mail: iod_mjo@um.poznan.pl","og_url":"https:\/\/ple161.poznan.pl\/?page_id=3373","og_site_name":"Przedszkole im. Ksi\u0119cia Przemys\u0142awa","article_modified_time":"2026-04-29T09:44:49+00:00","twitter_card":"summary_large_image","twitter_misc":{"Szacowany czas czytania":"1 minuta"},"schema":{"@context":"https:\/\/schema.org","@graph":[{"@type":"WebPage","@id":"https:\/\/ple161.poznan.pl\/?page_id=3373","url":"https:\/\/ple161.poznan.pl\/?page_id=3373","name":"Rodo - Przedszkole im. Ksi\u0119cia Przemys\u0142awa","isPartOf":{"@id":"https:\/\/www.przedszkole161.pl\/#website"},"datePublished":"2018-09-16T18:39:13+00:00","dateModified":"2026-04-29T09:44:49+00:00","breadcrumb":{"@id":"https:\/\/ple161.poznan.pl\/?page_id=3373#breadcrumb"},"inLanguage":"pl-PL","potentialAction":[{"@type":"ReadAction","target":["https:\/\/ple161.poznan.pl\/?page_id=3373"]}]},{"@type":"BreadcrumbList","@id":"https:\/\/ple161.poznan.pl\/?page_id=3373#breadcrumb","itemListElement":[{"@type":"ListItem","position":1,"name":"Strona g\u0142\u00f3wna","item":"https:\/\/www.przedszkole161.pl\/"},{"@type":"ListItem","position":2,"name":"Rodo"}]},{"@type":"WebSite","@id":"https:\/\/www.przedszkole161.pl\/#website","url":"https:\/\/www.przedszkole161.pl\/","name":"Przedszkole im. Ksi\u0119cia Przemys\u0142awa 161","description":"","potentialAction":[{"@type":"SearchAction","target":{"@type":"EntryPoint","urlTemplate":"https:\/\/www.przedszkole161.pl\/?s={search_term_string}"},"query-input":{"@type":"PropertyValueSpecification","valueRequired":true,"valueName":"search_term_string"}}],"inLanguage":"pl-PL"}]}},"_links":{"self":[{"href":"https:\/\/ple161.poznan.pl\/index.php?rest_route=\/wp\/v2\/pages\/3373","targetHints":{"allow":["GET"]}}],"collection":[{"href":"https:\/\/ple161.poznan.pl\/index.php?rest_route=\/wp\/v2\/pages"}],"about":[{"href":"https:\/\/ple161.poznan.pl\/index.php?rest_route=\/wp\/v2\/types\/page"}],"author":[{"embeddable":true,"href":"https:\/\/ple161.poznan.pl\/index.php?rest_route=\/wp\/v2\/users\/1"}],"replies":[{"embeddable":true,"href":"https:\/\/ple161.poznan.pl\/index.php?rest_route=%2Fwp%2Fv2%2Fcomments&post=3373"}],"version-history":[{"count":23,"href":"https:\/\/ple161.poznan.pl\/index.php?rest_route=\/wp\/v2\/pages\/3373\/revisions"}],"predecessor-version":[{"id":11166,"href":"https:\/\/ple161.poznan.pl\/index.php?rest_route=\/wp\/v2\/pages\/3373\/revisions\/11166"}],"wp:attachment":[{"href":"https:\/\/ple161.poznan.pl\/index.php?rest_route=%2Fwp%2Fv2%2Fmedia&parent=3373"}],"curies":[{"name":"wp","href":"https:\/\/api.w.org\/{rel}","templated":true}]}}

<ul>
<li><a href="https://ple161.poznan.pl/wp-content/uploads/2025/10/1_Przedszkole_klauzula-informacyjna_ogolna-od-X-2025r.pdf">Przedszkole_klauzula informacyjna_ogólna</a></li>
<li><a href="https://ple161.poznan.pl/wp-content/uploads/2025/10/3_Przedszkole_upowaznienie-do-odbioru-dziecka_klauzula-informacyjna-kilka-osob-od-X-2025.pdf">Przedszkole upoważnienie do odbioru dziecka_klauzula informacyjna</a></li>
<li><a href="https://ple161.poznan.pl/wp-content/uploads/2025/10/6B_Przedszkole_wizerunek-osob-innych-niz-dzieci-dla-drugiego-rodzica-babci-dziadka-i-innych-osob_wersja-rozszerzona-1_od-X-2025.pdf">Przedszkole wizerunek osób innych niż dzieci</a><br><br></li>
<li><a href="https://ple161.poznan.pl/wp-content/uploads/2025/03/klauzula_informacyjna.pdf">Klauzula informacyjna o przetwarzaniu danych osobowych kandydatów i ich rodziców/opiekunów prawnych w procesie rekrutacji</a></li>
<li>Inspektor Ochrony Danych Osobowych:
<ul>
<li>Miłosz Czerniejewski</li>
<li>mail:&nbsp;<a href="iod_mjo@um.poznan.pl">iod_mjo@um.poznan.pl</a></li>
</ul>
</li>
<li>Zastępca Inspektora Ochrony Danych Osobowych:
<ul>
<li>Anna Kwiecińska</li>
<li>mail: <a href="mailto:iod_mjo@um.poznan.pl">iod_mjo@um.poznan.pl</a></li>
</ul>
</li>
</ul>

<p>Przedszkole_klauzula informacyjna_ogólna Przedszkole upoważnienie do odbioru dziecka_klauzula informacyjna Przedszkole wizerunek osób innych niż dzieci Klauzula informacyjna o przetwarzaniu danych osobowych kandydatów i ich rodziców/opiekunów prawnych w procesie rekrutacji Inspektor Ochrony Danych Osobowych: Miłosz Czerniejewski mail:&nbsp;iod_mjo@um.poznan.pl Zastępca Inspektora Ochrony Danych Osobowych: Anna Kwiecińska mail: iod_mjo@um.poznan.pl</p>

<!-- This site is optimized with the Yoast SEO plugin v27.5 - https://yoast.com/product/yoast-seo-wordpress/ -->
<title>Rodo - Przedszkole im. Księcia Przemysława</title>
<meta name="robots" content="noindex, follow" />
<meta property="og:locale" content="pl_PL" />
<meta property="og:type" content="article" />
<meta property="og:title" content="Rodo - Przedszkole im. Księcia Przemysława" />
<meta property="og:description" content="Przedszkole_klauzula informacyjna_ogólna Przedszkole upoważnienie do odbioru dziecka_klauzula informacyjna Przedszkole wizerunek osób innych niż dzieci Klauzula informacyjna o przetwarzaniu danych osobowych kandydatów i ich rodziców/opiekunów prawnych w procesie rekrutacji Inspektor Ochrony Danych Osobowych: Miłosz Czerniejewski mail:&nbsp;iod_mjo@um.poznan.pl Zastępca Inspektora Ochrony Danych Osobowych: Anna Kwiecińska mail: iod_mjo@um.poznan.pl" />
<meta property="og:url" content="https://ple161.poznan.pl/?page_id=3373" />
<meta property="og:site_name" content="Przedszkole im. Księcia Przemysława" />
<meta property="article:modified_time" content="2026-04-29T09:44:49+00:00" />
<meta name="twitter:card" content="summary_large_image" />
<meta name="twitter:label1" content="Szacowany czas czytania" />
	<meta name="twitter:data1" content="1 minuta" />
<script type="application/ld+json" class="yoast-schema-graph">{"@context":"https:\/\/schema.org","@graph":[{"@type":"WebPage","@id":"https:\/\/ple161.poznan.pl\/?page_id=3373","url":"https:\/\/ple161.poznan.pl\/?page_id=3373","name":"Rodo - Przedszkole im. Księcia Przemysława","isPartOf":{"@id":"https:\/\/www.przedszkole161.pl\/#website"},"datePublished":"2018-09-16T18:39:13+00:00","dateModified":"2026-04-29T09:44:49+00:00","breadcrumb":{"@id":"https:\/\/ple161.poznan.pl\/?page_id=3373#breadcrumb"},"inLanguage":"pl-PL","potentialAction":[{"@type":"ReadAction","target":["https:\/\/ple161.poznan.pl\/?page_id=3373"]}]},{"@type":"BreadcrumbList","@id":"https:\/\/ple161.poznan.pl\/?page_id=3373#breadcrumb","itemListElement":[{"@type":"ListItem","position":1,"name":"Strona główna","item":"https:\/\/www.przedszkole161.pl\/"},{"@type":"ListItem","position":2,"name":"Rodo"}]},{"@type":"WebSite","@id":"https:\/\/www.przedszkole161.pl\/#website","url":"https:\/\/www.przedszkole161.pl\/","name":"Przedszkole im. Księcia Przemysława 161","description":"","potentialAction":[{"@type":"SearchAction","target":{"@type":"EntryPoint","urlTemplate":"https:\/\/www.przedszkole161.pl\/?s={search_term_string}"},"query-input":{"@type":"PropertyValueSpecification","valueRequired":true,"valueName":"search_term_string"}}],"inLanguage":"pl-PL"}]}</script>
<!-- / Yoast SEO plugin. -->

Rodo - Przedszkole im. Księcia Przemysława

Przedszkole_klauzula informacyjna_ogólna Przedszkole upoważnienie do odbioru dziecka_klauzula informacyjna Przedszkole wizerunek osób innych niż dzieci Klauzula informacyjna o przetwarzaniu danych osobowych kandydatów i ich rodziców/opiekunów prawnych w procesie rekrutacji Inspektor Ochrony Danych Osobowych: Miłosz Czerniejewski mail:&nbsp;iod_mjo@um.poznan.pl Zastępca Inspektora Ochrony Danych Osobowych: Anna Kwiecińska mail: iod_mjo@um.poznan.pl

Przedszkole im. Księcia Przemysława

Strona główna

Przedszkole im. Księcia Przemysława 161
