{"id":174,"date":"2013-01-31T20:07:39","date_gmt":"2013-01-31T20:07:39","guid":{"rendered":"http:\/\/ple161.poznan.pl\/?page_id=174"},"modified":"2025-08-28T07:23:53","modified_gmt":"2025-08-28T06:23:53","slug":"grupy","status":"publish","type":"page","link":"https:\/\/ple161.poznan.pl\/?page_id=174","title":{"rendered":"Grupy"},"content":{"rendered":"<p>Rok szkolny 2025\/26<\/p>\n<p><strong>Grupa 1 &#8211; Kozio\u0142eczki<\/strong><\/p>\n<p><strong> nauczycielki:<\/strong><\/p>\n<p>nauczyciel wychowawca: Magdalena Dulemba<\/p>\n<p>nauczyciel wychowawca: Izabela Werwi\u0144ska<\/p>\n<p>pomoc nauczyciela: Monika Wa\u017cna<\/p>\n<p>nauczyciel j\u0119zyka angielskiego: Katarzyna Wilko\u0144ska<\/p>\n<p>obs\u0142uga: Iwona Kaczmarek<\/p>\n<p><strong>Grupa 2 &#8211; Maltanie <\/strong><\/p>\n<p><strong>nauczycielki:\u00a0 \u00a0 <\/strong><\/p>\n<p>nauczyciel wychowawca: Sylwia Lisowska-Wal\u0119cka<\/p>\n<p>nauczyciel j\u0119zyka angielskiego: Katarzyna Wilko\u0144ska<\/p>\n<p>obs\u0142uga: Magdalena Olejnik<\/p>\n<p><strong>Grupa 3 &#8211; Rusa\u0142ki <\/strong><\/p>\n<p><strong>nauczycielki:<\/strong><\/p>\n<p>nauczyciel wychowawca: Anna Jamry<\/p>\n<p>nauczyciel wychowawca: Violetta Kulla<\/p>\n<p>nauczyciel j\u0119zyka angielskiego: Katarzyna Wilko\u0144ska<\/p>\n<p>obs\u0142uga: Sandra R\u00f3\u017ca\u0144ska<\/p>\n<p><strong>Grupa 4 &#8211; Orl\u0119ta<\/strong><\/p>\n<p><strong> nauczycielki:\u00a0<\/strong><\/p>\n<p>nauczyciel wychowawca: Michalina Sobolewska<\/p>\n<p>nauczyciel wychowawca: Katarzyna Wilko\u0144ska<\/p>\n<p>nauczyciel j\u0119zyka angielskiego: Katarzyna Wilko\u0144ska<\/p>\n<p>obs\u0142uga :Ma\u0142gorzata Kozajda<\/p>\n<p><strong>Grupa 5 &#8211; D\u0105browianie <\/strong><\/p>\n<p><strong>nauczycielki:\u00a0<\/strong><\/p>\n<p>nauczyciel wychowawca: Agata Kabaci\u0144ska<\/p>\n<p>nauczyciel j\u0119zyka angielskiego: Katarzyna Wilko\u0144ska<\/p>\n<p>obs\u0142uga: Lidia Koz\u0142owska<\/p>\n","protected":false},"excerpt":{"rendered":"<p>Rok szkolny 2025\/26 Grupa 1 &#8211; Kozio\u0142eczki nauczycielki: nauczyciel wychowawca: Magdalena Dulemba nauczyciel wychowawca: Izabela Werwi\u0144ska pomoc nauczyciela: Monika Wa\u017cna nauczyciel j\u0119zyka angielskiego: Katarzyna Wilko\u0144ska obs\u0142uga: Iwona Kaczmarek Grupa 2 &#8211; Maltanie nauczycielki:\u00a0 \u00a0 nauczyciel wychowawca: Sylwia Lisowska-Wal\u0119cka nauczyciel j\u0119zyka angielskiego: Katarzyna Wilko\u0144ska obs\u0142uga: Magdalena Olejnik Grupa 3 &#8211; Rusa\u0142ki nauczycielki: nauczyciel wychowawca: Anna Jamry [&hellip;]<\/p>\n","protected":false},"author":1,"featured_media":0,"parent":0,"menu_order":0,"comment_status":"closed","ping_status":"closed","template":"","meta":{"ngg_post_thumbnail":0,"footnotes":""},"class_list":["post-174","page","type-page","status-publish","hentry"],"yoast_head":"<!-- This site is optimized with the Yoast SEO plugin v27.5 - https:\/\/yoast.com\/product\/yoast-seo-wordpress\/ -->\n<title>Grupy - Przedszkole im. Ksi\u0119cia Przemys\u0142awa<\/title>\n<meta name=\"robots\" content=\"noindex, follow\" \/>\n<meta property=\"og:locale\" content=\"pl_PL\" \/>\n<meta property=\"og:type\" content=\"article\" \/>\n<meta property=\"og:title\" content=\"Grupy - Przedszkole im. Ksi\u0119cia Przemys\u0142awa\" \/>\n<meta property=\"og:description\" content=\"Rok szkolny 2025\/26 Grupa 1 &#8211; Kozio\u0142eczki nauczycielki: nauczyciel wychowawca: Magdalena Dulemba nauczyciel wychowawca: Izabela Werwi\u0144ska pomoc nauczyciela: Monika Wa\u017cna nauczyciel j\u0119zyka angielskiego: Katarzyna Wilko\u0144ska obs\u0142uga: Iwona Kaczmarek Grupa 2 &#8211; Maltanie nauczycielki:\u00a0 \u00a0 nauczyciel wychowawca: Sylwia Lisowska-Wal\u0119cka nauczyciel j\u0119zyka angielskiego: Katarzyna Wilko\u0144ska obs\u0142uga: Magdalena Olejnik Grupa 3 &#8211; Rusa\u0142ki nauczycielki: nauczyciel wychowawca: Anna Jamry [&hellip;]\" \/>\n<meta property=\"og:url\" content=\"https:\/\/ple161.poznan.pl\/?page_id=174\" \/>\n<meta property=\"og:site_name\" content=\"Przedszkole im. Ksi\u0119cia Przemys\u0142awa\" \/>\n<meta property=\"article:modified_time\" content=\"2025-08-28T06:23:53+00:00\" \/>\n<meta name=\"twitter:card\" content=\"summary_large_image\" \/>\n<meta name=\"twitter:label1\" content=\"Szacowany czas czytania\" \/>\n\t<meta name=\"twitter:data1\" content=\"1 minuta\" \/>\n<script type=\"application\/ld+json\" class=\"yoast-schema-graph\">{\"@context\":\"https:\\\/\\\/schema.org\",\"@graph\":[{\"@type\":\"WebPage\",\"@id\":\"https:\\\/\\\/ple161.poznan.pl\\\/?page_id=174\",\"url\":\"https:\\\/\\\/ple161.poznan.pl\\\/?page_id=174\",\"name\":\"Grupy - Przedszkole im. Ksi\u0119cia Przemys\u0142awa\",\"isPartOf\":{\"@id\":\"https:\\\/\\\/www.przedszkole161.pl\\\/#website\"},\"datePublished\":\"2013-01-31T20:07:39+00:00\",\"dateModified\":\"2025-08-28T06:23:53+00:00\",\"breadcrumb\":{\"@id\":\"https:\\\/\\\/ple161.poznan.pl\\\/?page_id=174#breadcrumb\"},\"inLanguage\":\"pl-PL\",\"potentialAction\":[{\"@type\":\"ReadAction\",\"target\":[\"https:\\\/\\\/ple161.poznan.pl\\\/?page_id=174\"]}]},{\"@type\":\"BreadcrumbList\",\"@id\":\"https:\\\/\\\/ple161.poznan.pl\\\/?page_id=174#breadcrumb\",\"itemListElement\":[{\"@type\":\"ListItem\",\"position\":1,\"name\":\"Strona g\u0142\u00f3wna\",\"item\":\"https:\\\/\\\/www.przedszkole161.pl\\\/\"},{\"@type\":\"ListItem\",\"position\":2,\"name\":\"Grupy\"}]},{\"@type\":\"WebSite\",\"@id\":\"https:\\\/\\\/www.przedszkole161.pl\\\/#website\",\"url\":\"https:\\\/\\\/www.przedszkole161.pl\\\/\",\"name\":\"Przedszkole im. Ksi\u0119cia Przemys\u0142awa 161\",\"description\":\"\",\"potentialAction\":[{\"@type\":\"SearchAction\",\"target\":{\"@type\":\"EntryPoint\",\"urlTemplate\":\"https:\\\/\\\/www.przedszkole161.pl\\\/?s={search_term_string}\"},\"query-input\":{\"@type\":\"PropertyValueSpecification\",\"valueRequired\":true,\"valueName\":\"search_term_string\"}}],\"inLanguage\":\"pl-PL\"}]}<\/script>\n<!-- \/ Yoast SEO plugin. -->","yoast_head_json":{"title":"Grupy - Przedszkole im. Ksi\u0119cia Przemys\u0142awa","robots":{"index":"noindex","follow":"follow"},"og_locale":"pl_PL","og_type":"article","og_title":"Grupy - Przedszkole im. Ksi\u0119cia Przemys\u0142awa","og_description":"Rok szkolny 2025\/26 Grupa 1 &#8211; Kozio\u0142eczki nauczycielki: nauczyciel wychowawca: Magdalena Dulemba nauczyciel wychowawca: Izabela Werwi\u0144ska pomoc nauczyciela: Monika Wa\u017cna nauczyciel j\u0119zyka angielskiego: Katarzyna Wilko\u0144ska obs\u0142uga: Iwona Kaczmarek Grupa 2 &#8211; Maltanie nauczycielki:\u00a0 \u00a0 nauczyciel wychowawca: Sylwia Lisowska-Wal\u0119cka nauczyciel j\u0119zyka angielskiego: Katarzyna Wilko\u0144ska obs\u0142uga: Magdalena Olejnik Grupa 3 &#8211; Rusa\u0142ki nauczycielki: nauczyciel wychowawca: Anna Jamry [&hellip;]","og_url":"https:\/\/ple161.poznan.pl\/?page_id=174","og_site_name":"Przedszkole im. Ksi\u0119cia Przemys\u0142awa","article_modified_time":"2025-08-28T06:23:53+00:00","twitter_card":"summary_large_image","twitter_misc":{"Szacowany czas czytania":"1 minuta"},"schema":{"@context":"https:\/\/schema.org","@graph":[{"@type":"WebPage","@id":"https:\/\/ple161.poznan.pl\/?page_id=174","url":"https:\/\/ple161.poznan.pl\/?page_id=174","name":"Grupy - Przedszkole im. Ksi\u0119cia Przemys\u0142awa","isPartOf":{"@id":"https:\/\/www.przedszkole161.pl\/#website"},"datePublished":"2013-01-31T20:07:39+00:00","dateModified":"2025-08-28T06:23:53+00:00","breadcrumb":{"@id":"https:\/\/ple161.poznan.pl\/?page_id=174#breadcrumb"},"inLanguage":"pl-PL","potentialAction":[{"@type":"ReadAction","target":["https:\/\/ple161.poznan.pl\/?page_id=174"]}]},{"@type":"BreadcrumbList","@id":"https:\/\/ple161.poznan.pl\/?page_id=174#breadcrumb","itemListElement":[{"@type":"ListItem","position":1,"name":"Strona g\u0142\u00f3wna","item":"https:\/\/www.przedszkole161.pl\/"},{"@type":"ListItem","position":2,"name":"Grupy"}]},{"@type":"WebSite","@id":"https:\/\/www.przedszkole161.pl\/#website","url":"https:\/\/www.przedszkole161.pl\/","name":"Przedszkole im. Ksi\u0119cia Przemys\u0142awa 161","description":"","potentialAction":[{"@type":"SearchAction","target":{"@type":"EntryPoint","urlTemplate":"https:\/\/www.przedszkole161.pl\/?s={search_term_string}"},"query-input":{"@type":"PropertyValueSpecification","valueRequired":true,"valueName":"search_term_string"}}],"inLanguage":"pl-PL"}]}},"_links":{"self":[{"href":"https:\/\/ple161.poznan.pl\/index.php?rest_route=\/wp\/v2\/pages\/174","targetHints":{"allow":["GET"]}}],"collection":[{"href":"https:\/\/ple161.poznan.pl\/index.php?rest_route=\/wp\/v2\/pages"}],"about":[{"href":"https:\/\/ple161.poznan.pl\/index.php?rest_route=\/wp\/v2\/types\/page"}],"author":[{"embeddable":true,"href":"https:\/\/ple161.poznan.pl\/index.php?rest_route=\/wp\/v2\/users\/1"}],"replies":[{"embeddable":true,"href":"https:\/\/ple161.poznan.pl\/index.php?rest_route=%2Fwp%2Fv2%2Fcomments&post=174"}],"version-history":[{"count":30,"href":"https:\/\/ple161.poznan.pl\/index.php?rest_route=\/wp\/v2\/pages\/174\/revisions"}],"predecessor-version":[{"id":10652,"href":"https:\/\/ple161.poznan.pl\/index.php?rest_route=\/wp\/v2\/pages\/174\/revisions\/10652"}],"wp:attachment":[{"href":"https:\/\/ple161.poznan.pl\/index.php?rest_route=%2Fwp%2Fv2%2Fmedia&parent=174"}],"curies":[{"name":"wp","href":"https:\/\/api.w.org\/{rel}","templated":true}]}}

<p>Rok szkolny 2025/26</p>
<p><strong>Grupa 1 &#8211; Koziołeczki</strong></p>
<p><strong> nauczycielki:</strong></p>
<p>nauczyciel wychowawca: Magdalena Dulemba</p>
<p>nauczyciel wychowawca: Izabela Werwińska</p>
<p>pomoc nauczyciela: Monika Ważna</p>
<p>nauczyciel języka angielskiego: Katarzyna Wilkońska</p>
<p>obsługa: Iwona Kaczmarek</p>
<p><strong>Grupa 2 &#8211; Maltanie </strong></p>
<p><strong>nauczycielki:    </strong></p>
<p>nauczyciel wychowawca: Sylwia Lisowska-Walęcka</p>
<p>nauczyciel języka angielskiego: Katarzyna Wilkońska</p>
<p>obsługa: Magdalena Olejnik</p>
<p><strong>Grupa 3 &#8211; Rusałki </strong></p>
<p><strong>nauczycielki:</strong></p>
<p>nauczyciel wychowawca: Anna Jamry</p>
<p>nauczyciel wychowawca: Violetta Kulla</p>
<p>nauczyciel języka angielskiego: Katarzyna Wilkońska</p>
<p>obsługa: Sandra Różańska</p>
<p><strong>Grupa 4 &#8211; Orlęta</strong></p>
<p><strong> nauczycielki: </strong></p>
<p>nauczyciel wychowawca: Michalina Sobolewska</p>
<p>nauczyciel wychowawca: Katarzyna Wilkońska</p>
<p>nauczyciel języka angielskiego: Katarzyna Wilkońska</p>
<p>obsługa :Małgorzata Kozajda</p>
<p><strong>Grupa 5 &#8211; Dąbrowianie </strong></p>
<p><strong>nauczycielki: </strong></p>
<p>nauczyciel wychowawca: Agata Kabacińska</p>
<p>nauczyciel języka angielskiego: Katarzyna Wilkońska</p>
<p>obsługa: Lidia Kozłowska</p>

<p>Rok szkolny 2025/26 Grupa 1 &#8211; Koziołeczki nauczycielki: nauczyciel wychowawca: Magdalena Dulemba nauczyciel wychowawca: Izabela Werwińska pomoc nauczyciela: Monika Ważna nauczyciel języka angielskiego: Katarzyna Wilkońska obsługa: Iwona Kaczmarek Grupa 2 &#8211; Maltanie nauczycielki:    nauczyciel wychowawca: Sylwia Lisowska-Walęcka nauczyciel języka angielskiego: Katarzyna Wilkońska obsługa: Magdalena Olejnik Grupa 3 &#8211; Rusałki nauczycielki: nauczyciel wychowawca: Anna Jamry [&hellip;]</p>

<!-- This site is optimized with the Yoast SEO plugin v27.5 - https://yoast.com/product/yoast-seo-wordpress/ -->
<title>Grupy - Przedszkole im. Księcia Przemysława</title>
<meta name="robots" content="noindex, follow" />
<meta property="og:locale" content="pl_PL" />
<meta property="og:type" content="article" />
<meta property="og:title" content="Grupy - Przedszkole im. Księcia Przemysława" />
<meta property="og:description" content="Rok szkolny 2025/26 Grupa 1 &#8211; Koziołeczki nauczycielki: nauczyciel wychowawca: Magdalena Dulemba nauczyciel wychowawca: Izabela Werwińska pomoc nauczyciela: Monika Ważna nauczyciel języka angielskiego: Katarzyna Wilkońska obsługa: Iwona Kaczmarek Grupa 2 &#8211; Maltanie nauczycielki:    nauczyciel wychowawca: Sylwia Lisowska-Walęcka nauczyciel języka angielskiego: Katarzyna Wilkońska obsługa: Magdalena Olejnik Grupa 3 &#8211; Rusałki nauczycielki: nauczyciel wychowawca: Anna Jamry [&hellip;]" />
<meta property="og:url" content="https://ple161.poznan.pl/?page_id=174" />
<meta property="og:site_name" content="Przedszkole im. Księcia Przemysława" />
<meta property="article:modified_time" content="2025-08-28T06:23:53+00:00" />
<meta name="twitter:card" content="summary_large_image" />
<meta name="twitter:label1" content="Szacowany czas czytania" />
	<meta name="twitter:data1" content="1 minuta" />
<script type="application/ld+json" class="yoast-schema-graph">{"@context":"https:\/\/schema.org","@graph":[{"@type":"WebPage","@id":"https:\/\/ple161.poznan.pl\/?page_id=174","url":"https:\/\/ple161.poznan.pl\/?page_id=174","name":"Grupy - Przedszkole im. Księcia Przemysława","isPartOf":{"@id":"https:\/\/www.przedszkole161.pl\/#website"},"datePublished":"2013-01-31T20:07:39+00:00","dateModified":"2025-08-28T06:23:53+00:00","breadcrumb":{"@id":"https:\/\/ple161.poznan.pl\/?page_id=174#breadcrumb"},"inLanguage":"pl-PL","potentialAction":[{"@type":"ReadAction","target":["https:\/\/ple161.poznan.pl\/?page_id=174"]}]},{"@type":"BreadcrumbList","@id":"https:\/\/ple161.poznan.pl\/?page_id=174#breadcrumb","itemListElement":[{"@type":"ListItem","position":1,"name":"Strona główna","item":"https:\/\/www.przedszkole161.pl\/"},{"@type":"ListItem","position":2,"name":"Grupy"}]},{"@type":"WebSite","@id":"https:\/\/www.przedszkole161.pl\/#website","url":"https:\/\/www.przedszkole161.pl\/","name":"Przedszkole im. Księcia Przemysława 161","description":"","potentialAction":[{"@type":"SearchAction","target":{"@type":"EntryPoint","urlTemplate":"https:\/\/www.przedszkole161.pl\/?s={search_term_string}"},"query-input":{"@type":"PropertyValueSpecification","valueRequired":true,"valueName":"search_term_string"}}],"inLanguage":"pl-PL"}]}</script>
<!-- / Yoast SEO plugin. -->

Grupy - Przedszkole im. Księcia Przemysława

Rok szkolny 2025/26 Grupa 1 &#8211; Koziołeczki nauczycielki: nauczyciel wychowawca: Magdalena Dulemba nauczyciel wychowawca: Izabela Werwińska pomoc nauczyciela: Monika Ważna nauczyciel języka angielskiego: Katarzyna Wilkońska obsługa: Iwona Kaczmarek Grupa 2 &#8211; Maltanie nauczycielki:    nauczyciel wychowawca: Sylwia Lisowska-Walęcka nauczyciel języka angielskiego: Katarzyna Wilkońska obsługa: Magdalena Olejnik Grupa 3 &#8211; Rusałki nauczycielki: nauczyciel wychowawca: Anna Jamry [&hellip;]

Przedszkole im. Księcia Przemysława

Strona główna

Przedszkole im. Księcia Przemysława 161
