{"id":1028,"date":"2015-02-08T21:35:32","date_gmt":"2015-02-08T20:35:32","guid":{"rendered":"http:\/\/ple161.poznan.pl\/?page_id=1028"},"modified":"2023-02-14T06:15:14","modified_gmt":"2023-02-14T05:15:14","slug":"tablica-interaktywna","status":"publish","type":"page","link":"https:\/\/ple161.poznan.pl\/?page_id=1028","title":{"rendered":"Tablica interaktywna"},"content":{"rendered":"<p>W naszym przedszkolu na zaj\u0119ciach korzystamy z tablic interaktywnych. Pierwsz\u0105\u00a0 tablic\u0119 interaktywn\u0105 WIT firmy MAC zakupili\u015bmy w 2014 r. , dwie kolejne tak\u017ce firmy Mac Tablica ceramiczna 86 zosta\u0142y zakupione w listopadzie 2021r. i kolejne dwie\u00a0 w grudniu 2022r. Tablice interaktywne dzi\u0119ki po\u0142\u0105czeniu wielu rozwi\u0105za\u0144 technologicznych w jednym urz\u0105dzeniu, pobudzaj\u0105 dzieci do aktywno\u015bci, zwi\u0119kszaj\u0105c efektywno\u015b\u0107 zaj\u0119\u0107.<\/p>\n<p>Praca z tablic\u0105 interaktywn\u0105 w naszym przedszkolu jest odpowiedzi\u0105 na intensywny rozw\u00f3j spo\u0142ecze\u0144stwa informacyjnego oraz wprowadza now\u0105 jako\u015b\u0107 do naszego przedszkola Prawid\u0142owe zapoznanie dziecka z aspektami multimedi\u00f3w jest bowiem nieodzownym elementem wsp\u00f3\u0142czesnej edukacji, a tym samym wprowadza now\u0105 jako\u015b\u0107 do naszego przedszkola, kt\u00f3re umiej\u0119tnie \u0142\u0105czy tradycyjne metody i \u015brodki edukacji z wyzwaniami jakie stawia przed dzie\u0107mi XXI wiek.<\/p>\n<p>Tablica interaktywna uatrakcyjnia cz\u0119\u015b\u0107 zaj\u0119\u0107 z dzie\u0107mi. Jest ciekawym dodatkiem edukacyjnym, wprowadzaj\u0105cym nowoczesno\u015b\u0107 do pracy z dzie\u0107mi. Najwa\u017cniejsz\u0105 z zalet korzystania ze sprz\u0119tu multimedialnego jest stymulowanie rozwoju intelektualnego dzieci. Rozwija si\u0119 spostrzegawczo\u015b\u0107 i logiczne my\u015blenie, kszta\u0142tuje pomys\u0142owo\u015b\u0107 i wyobra\u017ania, dziecko \u0107wiczy pami\u0119\u0107 i koncentracj\u0119. Korzystaj\u0105c z zasob\u00f3w programu mo\u017cemy wspiera\u0107 rozw\u00f3j umiej\u0119tno\u015bci matematycznych dzieci, kszta\u0142towa\u0107 zdolno\u015bci rozr\u00f3\u017cniania kolor\u00f3w, kszta\u0142t\u00f3w, liczb, wielko\u015bci i kierunk\u00f3w. Jest to pomoc dydaktyczna, kt\u00f3ra ukierunkowuje dziecko na: celowe i efektywne wykorzystywanie zdobyczy wsp\u00f3\u0142czesnych osi\u0105gni\u0119\u0107 technologicznych.<\/p>\n<p>Praca a raczej zabawa z tablic\u0105 rozwija percepcj\u0119 wzrokowo \u2013 s\u0142uchow\u0105 i pozwala samodzielnie rozwi\u0105zywa\u0107 zadania z natychmiastow\u0105 ocen\u0105 w postaci d\u017awi\u0119kowej. Rozwija percepcj\u0119 wzrokowo \u2013 ruchow\u0105, np. trening manualny \u2013 poprzez rysowanie kszta\u0142t\u00f3w, wype\u0142nianie kolorami, wzorami, kszta\u0142towanie napi\u0119cia mi\u0119\u015bniowego poprzez odpowiednie dociskanie pisaka. Interaktywno\u015b\u0107 absorbuje dziecko, anga\u017cuje jego zmys\u0142y \u2013 wzrok, dotyk, s\u0142uch. Rozwija umiej\u0119tno\u015b\u0107 wykonywania z\u0142o\u017conych polece\u0144, kt\u00f3re aktywizuj\u0105 my\u015blenie abstrakcyjne.<\/p>\n<p>Tablica uatrakcyjnia zaj\u0119cia a tak\u017ce zach\u0119ca do rozm\u00f3w &#8211; rozwija mow\u0119.<\/p>\n<p><!-- default-view.php -->\n<div\n\tclass=\"ngg-galleryoverview default-view\n\t\t\"\n\tid=\"ngg-gallery-82c243b7650aa3e44925b4572c2ab0f0-1\"\n\tdata-nextgen-gallery-id=\"33\"\n\tdata-gallery-id=\"33\"\n\t\tdata-gallery-name=\"Tablica interaktywna\"\n\t>\n\n\t\t<!-- Thumbnails -->\n\t\t\t\t<div id=\"ngg-image-0\" class=\"ngg-gallery-thumbnail-box\n\t\t\t\t\t\t\t\t\t\t\t\"\n\t\t\t>\n\t\t\t\t\t\t<div class=\"ngg-gallery-thumbnail\">\n\t\t<a href=\"https:\/\/ple161.poznan.pl\/wp-content\/gallery\/tablica-interaktywna\/IMG_0997.JPG?t=1637268267\"\n\t\t\ttitle=\"\"\n\t\t\tdata-src=\"https:\/\/ple161.poznan.pl\/wp-content\/gallery\/tablica-interaktywna\/IMG_0997.JPG?t=1637268267\"\n\t\t\tdata-thumbnail=\"https:\/\/ple161.poznan.pl\/wp-content\/gallery\/tablica-interaktywna\/thumbs\/thumbs_IMG_0997.JPG?t=1637268267\"\n\t\t\tdata-image-id=\"163\"\n\t\t\tdata-image-name=\"IMG_0997.JPG\"\n\t\t\tdata-title=\"IMG_0997\"\n\t\t\tdata-description=\"\"\n\t\t\tdata-image-slug=\"img_0997\"\n\t\t\t\t\t\t\t\t\t\t\t\t\t\t\t\t\t\t\t\tclass=\"shutterset_82c243b7650aa3e44925b4572c2ab0f0\">\n\t\t\t\t\t\t\t\t<img\n\t\t\t\t\ttitle=\"IMG_0997\"\n\t\t\t\t\talt=\"IMG_0997\"\n\t\t\t\t\tsrc=\"https:\/\/ple161.poznan.pl\/wp-content\/gallery\/tablica-interaktywna\/thumbs\/thumbs_IMG_0997.JPG?t=1637268267\"\n\t\t\t\t\twidth=\"100\"\n\t\t\t\t\theight=\"75\"\n\t\t\t\t\tstyle=\"max-width:100%;\"\n\t\t\t\t\/>\n\t\t\t<\/a>\n\t\t<\/div>\n\t\t\t\t\t\t\t<\/div>\n\t\t\t\n\t\t\t\t<div id=\"ngg-image-1\" class=\"ngg-gallery-thumbnail-box\n\t\t\t\t\t\t\t\t\t\t\t\"\n\t\t\t>\n\t\t\t\t\t\t<div class=\"ngg-gallery-thumbnail\">\n\t\t<a href=\"https:\/\/ple161.poznan.pl\/wp-content\/gallery\/tablica-interaktywna\/IMG_0998.JPG?t=1423430000\"\n\t\t\ttitle=\" \"\n\t\t\tdata-src=\"https:\/\/ple161.poznan.pl\/wp-content\/gallery\/tablica-interaktywna\/IMG_0998.JPG?t=1423430000\"\n\t\t\tdata-thumbnail=\"https:\/\/ple161.poznan.pl\/wp-content\/gallery\/tablica-interaktywna\/thumbs\/thumbs_IMG_0998.JPG?t=1423430000\"\n\t\t\tdata-image-id=\"164\"\n\t\t\tdata-image-name=\"IMG_0998.JPG\"\n\t\t\tdata-title=\"IMG_0998\"\n\t\t\tdata-description=\" \"\n\t\t\tdata-image-slug=\"img_0998\"\n\t\t\t\t\t\t\t\t\t\t\t\t\t\t\t\t\t\t\t\tclass=\"shutterset_82c243b7650aa3e44925b4572c2ab0f0\">\n\t\t\t\t\t\t\t\t<img\n\t\t\t\t\ttitle=\"IMG_0998\"\n\t\t\t\t\talt=\"IMG_0998\"\n\t\t\t\t\tsrc=\"https:\/\/ple161.poznan.pl\/wp-content\/gallery\/tablica-interaktywna\/thumbs\/thumbs_IMG_0998.JPG?t=1423430000\"\n\t\t\t\t\twidth=\"100\"\n\t\t\t\t\theight=\"75\"\n\t\t\t\t\tstyle=\"max-width:100%;\"\n\t\t\t\t\/>\n\t\t\t<\/a>\n\t\t<\/div>\n\t\t\t\t\t\t\t<\/div>\n\t\t\t\n\t\t\t\t<div id=\"ngg-image-2\" class=\"ngg-gallery-thumbnail-box\n\t\t\t\t\t\t\t\t\t\t\t\"\n\t\t\t>\n\t\t\t\t\t\t<div class=\"ngg-gallery-thumbnail\">\n\t\t<a href=\"https:\/\/ple161.poznan.pl\/wp-content\/gallery\/tablica-interaktywna\/IMG_0999.JPG?t=1423430110\"\n\t\t\ttitle=\" \"\n\t\t\tdata-src=\"https:\/\/ple161.poznan.pl\/wp-content\/gallery\/tablica-interaktywna\/IMG_0999.JPG?t=1423430110\"\n\t\t\tdata-thumbnail=\"https:\/\/ple161.poznan.pl\/wp-content\/gallery\/tablica-interaktywna\/thumbs\/thumbs_IMG_0999.JPG?t=1423430110\"\n\t\t\tdata-image-id=\"165\"\n\t\t\tdata-image-name=\"IMG_0999.JPG\"\n\t\t\tdata-title=\"IMG_0999\"\n\t\t\tdata-description=\" \"\n\t\t\tdata-image-slug=\"img_0999\"\n\t\t\t\t\t\t\t\t\t\t\t\t\t\t\t\t\t\t\t\tclass=\"shutterset_82c243b7650aa3e44925b4572c2ab0f0\">\n\t\t\t\t\t\t\t\t<img\n\t\t\t\t\ttitle=\"IMG_0999\"\n\t\t\t\t\talt=\"IMG_0999\"\n\t\t\t\t\tsrc=\"https:\/\/ple161.poznan.pl\/wp-content\/gallery\/tablica-interaktywna\/thumbs\/thumbs_IMG_0999.JPG?t=1423430110\"\n\t\t\t\t\twidth=\"100\"\n\t\t\t\t\theight=\"75\"\n\t\t\t\t\tstyle=\"max-width:100%;\"\n\t\t\t\t\/>\n\t\t\t<\/a>\n\t\t<\/div>\n\t\t\t\t\t\t\t<\/div>\n\t\t\t\n\t\t\t\t<div id=\"ngg-image-3\" class=\"ngg-gallery-thumbnail-box\n\t\t\t\t\t\t\t\t\t\t\t\"\n\t\t\t>\n\t\t\t\t\t\t<div class=\"ngg-gallery-thumbnail\">\n\t\t<a href=\"https:\/\/ple161.poznan.pl\/wp-content\/gallery\/tablica-interaktywna\/IMG_1001.JPG?t=1423430193\"\n\t\t\ttitle=\" \"\n\t\t\tdata-src=\"https:\/\/ple161.poznan.pl\/wp-content\/gallery\/tablica-interaktywna\/IMG_1001.JPG?t=1423430193\"\n\t\t\tdata-thumbnail=\"https:\/\/ple161.poznan.pl\/wp-content\/gallery\/tablica-interaktywna\/thumbs\/thumbs_IMG_1001.JPG?t=1423430193\"\n\t\t\tdata-image-id=\"166\"\n\t\t\tdata-image-name=\"IMG_1001.JPG\"\n\t\t\tdata-title=\"IMG_1001\"\n\t\t\tdata-description=\" \"\n\t\t\tdata-image-slug=\"img_1001\"\n\t\t\t\t\t\t\t\t\t\t\t\t\t\t\t\t\t\t\t\tclass=\"shutterset_82c243b7650aa3e44925b4572c2ab0f0\">\n\t\t\t\t\t\t\t\t<img\n\t\t\t\t\ttitle=\"IMG_1001\"\n\t\t\t\t\talt=\"IMG_1001\"\n\t\t\t\t\tsrc=\"https:\/\/ple161.poznan.pl\/wp-content\/gallery\/tablica-interaktywna\/thumbs\/thumbs_IMG_1001.JPG?t=1423430193\"\n\t\t\t\t\twidth=\"100\"\n\t\t\t\t\theight=\"75\"\n\t\t\t\t\tstyle=\"max-width:100%;\"\n\t\t\t\t\/>\n\t\t\t<\/a>\n\t\t<\/div>\n\t\t\t\t\t\t\t<\/div>\n\t\t\t\n\t\t\t\t<div id=\"ngg-image-4\" class=\"ngg-gallery-thumbnail-box\n\t\t\t\t\t\t\t\t\t\t\t\"\n\t\t\t>\n\t\t\t\t\t\t<div class=\"ngg-gallery-thumbnail\">\n\t\t<a href=\"https:\/\/ple161.poznan.pl\/wp-content\/gallery\/tablica-interaktywna\/IMG_1002.JPG?t=1423430260\"\n\t\t\ttitle=\" \"\n\t\t\tdata-src=\"https:\/\/ple161.poznan.pl\/wp-content\/gallery\/tablica-interaktywna\/IMG_1002.JPG?t=1423430260\"\n\t\t\tdata-thumbnail=\"https:\/\/ple161.poznan.pl\/wp-content\/gallery\/tablica-interaktywna\/thumbs\/thumbs_IMG_1002.JPG?t=1423430260\"\n\t\t\tdata-image-id=\"167\"\n\t\t\tdata-image-name=\"IMG_1002.JPG\"\n\t\t\tdata-title=\"IMG_1002\"\n\t\t\tdata-description=\" \"\n\t\t\tdata-image-slug=\"img_1002\"\n\t\t\t\t\t\t\t\t\t\t\t\t\t\t\t\t\t\t\t\tclass=\"shutterset_82c243b7650aa3e44925b4572c2ab0f0\">\n\t\t\t\t\t\t\t\t<img\n\t\t\t\t\ttitle=\"IMG_1002\"\n\t\t\t\t\talt=\"IMG_1002\"\n\t\t\t\t\tsrc=\"https:\/\/ple161.poznan.pl\/wp-content\/gallery\/tablica-interaktywna\/thumbs\/thumbs_IMG_1002.JPG?t=1423430260\"\n\t\t\t\t\twidth=\"100\"\n\t\t\t\t\theight=\"75\"\n\t\t\t\t\tstyle=\"max-width:100%;\"\n\t\t\t\t\/>\n\t\t\t<\/a>\n\t\t<\/div>\n\t\t\t\t\t\t\t<\/div>\n\t\t\t\n\t\t\t\t<div id=\"ngg-image-5\" class=\"ngg-gallery-thumbnail-box\n\t\t\t\t\t\t\t\t\t\t\t\"\n\t\t\t>\n\t\t\t\t\t\t<div class=\"ngg-gallery-thumbnail\">\n\t\t<a href=\"https:\/\/ple161.poznan.pl\/wp-content\/gallery\/tablica-interaktywna\/IMG_1004.JPG?t=1423430306\"\n\t\t\ttitle=\" \"\n\t\t\tdata-src=\"https:\/\/ple161.poznan.pl\/wp-content\/gallery\/tablica-interaktywna\/IMG_1004.JPG?t=1423430306\"\n\t\t\tdata-thumbnail=\"https:\/\/ple161.poznan.pl\/wp-content\/gallery\/tablica-interaktywna\/thumbs\/thumbs_IMG_1004.JPG?t=1423430306\"\n\t\t\tdata-image-id=\"168\"\n\t\t\tdata-image-name=\"IMG_1004.JPG\"\n\t\t\tdata-title=\"IMG_1004\"\n\t\t\tdata-description=\" \"\n\t\t\tdata-image-slug=\"img_1004\"\n\t\t\t\t\t\t\t\t\t\t\t\t\t\t\t\t\t\t\t\tclass=\"shutterset_82c243b7650aa3e44925b4572c2ab0f0\">\n\t\t\t\t\t\t\t\t<img\n\t\t\t\t\ttitle=\"IMG_1004\"\n\t\t\t\t\talt=\"IMG_1004\"\n\t\t\t\t\tsrc=\"https:\/\/ple161.poznan.pl\/wp-content\/gallery\/tablica-interaktywna\/thumbs\/thumbs_IMG_1004.JPG?t=1423430306\"\n\t\t\t\t\twidth=\"100\"\n\t\t\t\t\theight=\"75\"\n\t\t\t\t\tstyle=\"max-width:100%;\"\n\t\t\t\t\/>\n\t\t\t<\/a>\n\t\t<\/div>\n\t\t\t\t\t\t\t<\/div>\n\t\t\t\n\t\t\t\t<div id=\"ngg-image-6\" class=\"ngg-gallery-thumbnail-box\n\t\t\t\t\t\t\t\t\t\t\t\"\n\t\t\t>\n\t\t\t\t\t\t<div class=\"ngg-gallery-thumbnail\">\n\t\t<a href=\"https:\/\/ple161.poznan.pl\/wp-content\/gallery\/tablica-interaktywna\/IMG_1005.JPG?t=1423430358\"\n\t\t\ttitle=\" \"\n\t\t\tdata-src=\"https:\/\/ple161.poznan.pl\/wp-content\/gallery\/tablica-interaktywna\/IMG_1005.JPG?t=1423430358\"\n\t\t\tdata-thumbnail=\"https:\/\/ple161.poznan.pl\/wp-content\/gallery\/tablica-interaktywna\/thumbs\/thumbs_IMG_1005.JPG?t=1423430358\"\n\t\t\tdata-image-id=\"169\"\n\t\t\tdata-image-name=\"IMG_1005.JPG\"\n\t\t\tdata-title=\"IMG_1005\"\n\t\t\tdata-description=\" \"\n\t\t\tdata-image-slug=\"img_1005\"\n\t\t\t\t\t\t\t\t\t\t\t\t\t\t\t\t\t\t\t\tclass=\"shutterset_82c243b7650aa3e44925b4572c2ab0f0\">\n\t\t\t\t\t\t\t\t<img\n\t\t\t\t\ttitle=\"IMG_1005\"\n\t\t\t\t\talt=\"IMG_1005\"\n\t\t\t\t\tsrc=\"https:\/\/ple161.poznan.pl\/wp-content\/gallery\/tablica-interaktywna\/thumbs\/thumbs_IMG_1005.JPG?t=1423430358\"\n\t\t\t\t\twidth=\"100\"\n\t\t\t\t\theight=\"75\"\n\t\t\t\t\tstyle=\"max-width:100%;\"\n\t\t\t\t\/>\n\t\t\t<\/a>\n\t\t<\/div>\n\t\t\t\t\t\t\t<\/div>\n\t\t\t\n\t\t\t\t<div id=\"ngg-image-7\" class=\"ngg-gallery-thumbnail-box\n\t\t\t\t\t\t\t\t\t\t\t\"\n\t\t\t>\n\t\t\t\t\t\t<div class=\"ngg-gallery-thumbnail\">\n\t\t<a href=\"https:\/\/ple161.poznan.pl\/wp-content\/gallery\/tablica-interaktywna\/IMG_1006.JPG?t=1423430430\"\n\t\t\ttitle=\" \"\n\t\t\tdata-src=\"https:\/\/ple161.poznan.pl\/wp-content\/gallery\/tablica-interaktywna\/IMG_1006.JPG?t=1423430430\"\n\t\t\tdata-thumbnail=\"https:\/\/ple161.poznan.pl\/wp-content\/gallery\/tablica-interaktywna\/thumbs\/thumbs_IMG_1006.JPG?t=1423430430\"\n\t\t\tdata-image-id=\"170\"\n\t\t\tdata-image-name=\"IMG_1006.JPG\"\n\t\t\tdata-title=\"IMG_1006\"\n\t\t\tdata-description=\" \"\n\t\t\tdata-image-slug=\"img_1006\"\n\t\t\t\t\t\t\t\t\t\t\t\t\t\t\t\t\t\t\t\tclass=\"shutterset_82c243b7650aa3e44925b4572c2ab0f0\">\n\t\t\t\t\t\t\t\t<img\n\t\t\t\t\ttitle=\"IMG_1006\"\n\t\t\t\t\talt=\"IMG_1006\"\n\t\t\t\t\tsrc=\"https:\/\/ple161.poznan.pl\/wp-content\/gallery\/tablica-interaktywna\/thumbs\/thumbs_IMG_1006.JPG?t=1423430430\"\n\t\t\t\t\twidth=\"100\"\n\t\t\t\t\theight=\"75\"\n\t\t\t\t\tstyle=\"max-width:100%;\"\n\t\t\t\t\/>\n\t\t\t<\/a>\n\t\t<\/div>\n\t\t\t\t\t\t\t<\/div>\n\t\t\t\n\t\t\t\t<div id=\"ngg-image-8\" class=\"ngg-gallery-thumbnail-box\n\t\t\t\t\t\t\t\t\t\t\t\"\n\t\t\t>\n\t\t\t\t\t\t<div class=\"ngg-gallery-thumbnail\">\n\t\t<a href=\"https:\/\/ple161.poznan.pl\/wp-content\/gallery\/tablica-interaktywna\/IMG_1007.JPG?t=1423430496\"\n\t\t\ttitle=\" \"\n\t\t\tdata-src=\"https:\/\/ple161.poznan.pl\/wp-content\/gallery\/tablica-interaktywna\/IMG_1007.JPG?t=1423430496\"\n\t\t\tdata-thumbnail=\"https:\/\/ple161.poznan.pl\/wp-content\/gallery\/tablica-interaktywna\/thumbs\/thumbs_IMG_1007.JPG?t=1423430496\"\n\t\t\tdata-image-id=\"171\"\n\t\t\tdata-image-name=\"IMG_1007.JPG\"\n\t\t\tdata-title=\"IMG_1007\"\n\t\t\tdata-description=\" \"\n\t\t\tdata-image-slug=\"img_1007\"\n\t\t\t\t\t\t\t\t\t\t\t\t\t\t\t\t\t\t\t\tclass=\"shutterset_82c243b7650aa3e44925b4572c2ab0f0\">\n\t\t\t\t\t\t\t\t<img\n\t\t\t\t\ttitle=\"IMG_1007\"\n\t\t\t\t\talt=\"IMG_1007\"\n\t\t\t\t\tsrc=\"https:\/\/ple161.poznan.pl\/wp-content\/gallery\/tablica-interaktywna\/thumbs\/thumbs_IMG_1007.JPG?t=1423430496\"\n\t\t\t\t\twidth=\"100\"\n\t\t\t\t\theight=\"75\"\n\t\t\t\t\tstyle=\"max-width:100%;\"\n\t\t\t\t\/>\n\t\t\t<\/a>\n\t\t<\/div>\n\t\t\t\t\t\t\t<\/div>\n\t\t\t\n\t\t\t\t<div id=\"ngg-image-9\" class=\"ngg-gallery-thumbnail-box\n\t\t\t\t\t\t\t\t\t\t\t\"\n\t\t\t>\n\t\t\t\t\t\t<div class=\"ngg-gallery-thumbnail\">\n\t\t<a href=\"https:\/\/ple161.poznan.pl\/wp-content\/gallery\/tablica-interaktywna\/IMG_1008.JPG?t=1423430606\"\n\t\t\ttitle=\"\"\n\t\t\tdata-src=\"https:\/\/ple161.poznan.pl\/wp-content\/gallery\/tablica-interaktywna\/IMG_1008.JPG?t=1423430606\"\n\t\t\tdata-thumbnail=\"https:\/\/ple161.poznan.pl\/wp-content\/gallery\/tablica-interaktywna\/thumbs\/thumbs_IMG_1008.JPG?t=1423430606\"\n\t\t\tdata-image-id=\"172\"\n\t\t\tdata-image-name=\"IMG_1008.JPG\"\n\t\t\tdata-title=\"IMG_1008\"\n\t\t\tdata-description=\"\"\n\t\t\tdata-image-slug=\"img_1008\"\n\t\t\t\t\t\t\t\t\t\t\t\t\t\t\t\t\t\t\t\tclass=\"shutterset_82c243b7650aa3e44925b4572c2ab0f0\">\n\t\t\t\t\t\t\t\t<img\n\t\t\t\t\ttitle=\"IMG_1008\"\n\t\t\t\t\talt=\"IMG_1008\"\n\t\t\t\t\tsrc=\"https:\/\/ple161.poznan.pl\/wp-content\/gallery\/tablica-interaktywna\/thumbs\/thumbs_IMG_1008.JPG?t=1423430606\"\n\t\t\t\t\twidth=\"100\"\n\t\t\t\t\theight=\"75\"\n\t\t\t\t\tstyle=\"max-width:100%;\"\n\t\t\t\t\/>\n\t\t\t<\/a>\n\t\t<\/div>\n\t\t\t\t\t\t\t<\/div>\n\t\t\t\n\t\t\t\t<div id=\"ngg-image-10\" class=\"ngg-gallery-thumbnail-box\n\t\t\t\t\t\t\t\t\t\t\t\"\n\t\t\t>\n\t\t\t\t\t\t<div class=\"ngg-gallery-thumbnail\">\n\t\t<a href=\"https:\/\/ple161.poznan.pl\/wp-content\/gallery\/tablica-interaktywna\/IMG_1009.JPG?t=1423430693\"\n\t\t\ttitle=\" \"\n\t\t\tdata-src=\"https:\/\/ple161.poznan.pl\/wp-content\/gallery\/tablica-interaktywna\/IMG_1009.JPG?t=1423430693\"\n\t\t\tdata-thumbnail=\"https:\/\/ple161.poznan.pl\/wp-content\/gallery\/tablica-interaktywna\/thumbs\/thumbs_IMG_1009.JPG?t=1423430693\"\n\t\t\tdata-image-id=\"173\"\n\t\t\tdata-image-name=\"IMG_1009.JPG\"\n\t\t\tdata-title=\"IMG_1009\"\n\t\t\tdata-description=\" \"\n\t\t\tdata-image-slug=\"img_1009\"\n\t\t\t\t\t\t\t\t\t\t\t\t\t\t\t\t\t\t\t\tclass=\"shutterset_82c243b7650aa3e44925b4572c2ab0f0\">\n\t\t\t\t\t\t\t\t<img\n\t\t\t\t\ttitle=\"IMG_1009\"\n\t\t\t\t\talt=\"IMG_1009\"\n\t\t\t\t\tsrc=\"https:\/\/ple161.poznan.pl\/wp-content\/gallery\/tablica-interaktywna\/thumbs\/thumbs_IMG_1009.JPG?t=1423430693\"\n\t\t\t\t\twidth=\"100\"\n\t\t\t\t\theight=\"75\"\n\t\t\t\t\tstyle=\"max-width:100%;\"\n\t\t\t\t\/>\n\t\t\t<\/a>\n\t\t<\/div>\n\t\t\t\t\t\t\t<\/div>\n\t\t\t\n\t\n\t<br style=\"clear: both\" \/>\n\n\t\t<div class=\"slideshowlink\">\n\t\t<a href='https:\/\/ple161.poznan.pl\/index.php\/nggallery\/slideshow?page_id=1028'>[Pokaz zdj\u0119\u0107]<\/a>\n\n\t<\/div>\n\t\n\t\t<!-- Pagination -->\n\t\t<div class='ngg-clear'><\/div>\t<\/div>\n<\/p>\n<p>&nbsp;<\/p>\n","protected":false},"excerpt":{"rendered":"<p>W naszym przedszkolu na zaj\u0119ciach korzystamy z tablic interaktywnych. Pierwsz\u0105\u00a0 tablic\u0119 interaktywn\u0105 WIT firmy MAC zakupili\u015bmy w 2014 r. , dwie kolejne tak\u017ce firmy Mac Tablica ceramiczna 86 zosta\u0142y zakupione w listopadzie 2021r. i kolejne dwie\u00a0 w grudniu 2022r. Tablice interaktywne dzi\u0119ki po\u0142\u0105czeniu wielu rozwi\u0105za\u0144 technologicznych w jednym urz\u0105dzeniu, pobudzaj\u0105 dzieci do aktywno\u015bci, zwi\u0119kszaj\u0105c efektywno\u015b\u0107 [&hellip;]<\/p>\n","protected":false},"author":1,"featured_media":0,"parent":0,"menu_order":0,"comment_status":"closed","ping_status":"closed","template":"","meta":{"ngg_post_thumbnail":0,"footnotes":""},"class_list":["post-1028","page","type-page","status-publish","hentry"],"yoast_head":"<!-- This site is optimized with the Yoast SEO plugin v27.5 - https:\/\/yoast.com\/product\/yoast-seo-wordpress\/ -->\n<title>Tablica interaktywna - Przedszkole im. Ksi\u0119cia Przemys\u0142awa<\/title>\n<meta name=\"robots\" content=\"noindex, follow\" \/>\n<meta property=\"og:locale\" content=\"pl_PL\" \/>\n<meta property=\"og:type\" content=\"article\" \/>\n<meta property=\"og:title\" content=\"Tablica interaktywna - Przedszkole im. Ksi\u0119cia Przemys\u0142awa\" \/>\n<meta property=\"og:description\" content=\"W naszym przedszkolu na zaj\u0119ciach korzystamy z tablic interaktywnych. Pierwsz\u0105\u00a0 tablic\u0119 interaktywn\u0105 WIT firmy MAC zakupili\u015bmy w 2014 r. , dwie kolejne tak\u017ce firmy Mac Tablica ceramiczna 86 zosta\u0142y zakupione w listopadzie 2021r. i kolejne dwie\u00a0 w grudniu 2022r. Tablice interaktywne dzi\u0119ki po\u0142\u0105czeniu wielu rozwi\u0105za\u0144 technologicznych w jednym urz\u0105dzeniu, pobudzaj\u0105 dzieci do aktywno\u015bci, zwi\u0119kszaj\u0105c efektywno\u015b\u0107 [&hellip;]\" \/>\n<meta property=\"og:url\" content=\"https:\/\/www.przedszkole161.pl\/?page_id=1028\" \/>\n<meta property=\"og:site_name\" content=\"Przedszkole im. Ksi\u0119cia Przemys\u0142awa\" \/>\n<meta property=\"article:modified_time\" content=\"2023-02-14T05:15:14+00:00\" \/>\n<meta property=\"og:image\" content=\"http:\/\/www.przedszkole161.pl\/index.php\/nextgen-attach_to_post\/preview\/id--1058\" \/>\n<meta name=\"twitter:card\" content=\"summary_large_image\" \/>\n<meta name=\"twitter:label1\" content=\"Szacowany czas czytania\" \/>\n\t<meta name=\"twitter:data1\" content=\"2 minuty\" \/>\n<script type=\"application\/ld+json\" class=\"yoast-schema-graph\">{\"@context\":\"https:\\\/\\\/schema.org\",\"@graph\":[{\"@type\":\"WebPage\",\"@id\":\"https:\\\/\\\/www.przedszkole161.pl\\\/?page_id=1028\",\"url\":\"https:\\\/\\\/www.przedszkole161.pl\\\/?page_id=1028\",\"name\":\"Tablica interaktywna - Przedszkole im. Ksi\u0119cia Przemys\u0142awa\",\"isPartOf\":{\"@id\":\"https:\\\/\\\/www.przedszkole161.pl\\\/#website\"},\"primaryImageOfPage\":{\"@id\":\"https:\\\/\\\/www.przedszkole161.pl\\\/?page_id=1028#primaryimage\"},\"image\":{\"@id\":\"https:\\\/\\\/www.przedszkole161.pl\\\/?page_id=1028#primaryimage\"},\"thumbnailUrl\":\"http:\\\/\\\/ple161.poznan.pl\\\/index.php\\\/nextgen-attach_to_post\\\/preview\\\/id--1058\",\"datePublished\":\"2015-02-08T20:35:32+00:00\",\"dateModified\":\"2023-02-14T05:15:14+00:00\",\"breadcrumb\":{\"@id\":\"https:\\\/\\\/www.przedszkole161.pl\\\/?page_id=1028#breadcrumb\"},\"inLanguage\":\"pl-PL\",\"potentialAction\":[{\"@type\":\"ReadAction\",\"target\":[\"https:\\\/\\\/www.przedszkole161.pl\\\/?page_id=1028\"]}]},{\"@type\":\"ImageObject\",\"inLanguage\":\"pl-PL\",\"@id\":\"https:\\\/\\\/www.przedszkole161.pl\\\/?page_id=1028#primaryimage\",\"url\":\"http:\\\/\\\/ple161.poznan.pl\\\/index.php\\\/nextgen-attach_to_post\\\/preview\\\/id--1058\",\"contentUrl\":\"http:\\\/\\\/ple161.poznan.pl\\\/index.php\\\/nextgen-attach_to_post\\\/preview\\\/id--1058\"},{\"@type\":\"BreadcrumbList\",\"@id\":\"https:\\\/\\\/www.przedszkole161.pl\\\/?page_id=1028#breadcrumb\",\"itemListElement\":[{\"@type\":\"ListItem\",\"position\":1,\"name\":\"Strona g\u0142\u00f3wna\",\"item\":\"https:\\\/\\\/www.przedszkole161.pl\\\/\"},{\"@type\":\"ListItem\",\"position\":2,\"name\":\"Tablica interaktywna\"}]},{\"@type\":\"WebSite\",\"@id\":\"https:\\\/\\\/www.przedszkole161.pl\\\/#website\",\"url\":\"https:\\\/\\\/www.przedszkole161.pl\\\/\",\"name\":\"Przedszkole im. Ksi\u0119cia Przemys\u0142awa 161\",\"description\":\"\",\"potentialAction\":[{\"@type\":\"SearchAction\",\"target\":{\"@type\":\"EntryPoint\",\"urlTemplate\":\"https:\\\/\\\/www.przedszkole161.pl\\\/?s={search_term_string}\"},\"query-input\":{\"@type\":\"PropertyValueSpecification\",\"valueRequired\":true,\"valueName\":\"search_term_string\"}}],\"inLanguage\":\"pl-PL\"}]}<\/script>\n<!-- \/ Yoast SEO plugin. -->","yoast_head_json":{"title":"Tablica interaktywna - Przedszkole im. Ksi\u0119cia Przemys\u0142awa","robots":{"index":"noindex","follow":"follow"},"og_locale":"pl_PL","og_type":"article","og_title":"Tablica interaktywna - Przedszkole im. Ksi\u0119cia Przemys\u0142awa","og_description":"W naszym przedszkolu na zaj\u0119ciach korzystamy z tablic interaktywnych. Pierwsz\u0105\u00a0 tablic\u0119 interaktywn\u0105 WIT firmy MAC zakupili\u015bmy w 2014 r. , dwie kolejne tak\u017ce firmy Mac Tablica ceramiczna 86 zosta\u0142y zakupione w listopadzie 2021r. i kolejne dwie\u00a0 w grudniu 2022r. Tablice interaktywne dzi\u0119ki po\u0142\u0105czeniu wielu rozwi\u0105za\u0144 technologicznych w jednym urz\u0105dzeniu, pobudzaj\u0105 dzieci do aktywno\u015bci, zwi\u0119kszaj\u0105c efektywno\u015b\u0107 [&hellip;]","og_url":"https:\/\/www.przedszkole161.pl\/?page_id=1028","og_site_name":"Przedszkole im. Ksi\u0119cia Przemys\u0142awa","article_modified_time":"2023-02-14T05:15:14+00:00","og_image":[{"url":"http:\/\/www.przedszkole161.pl\/index.php\/nextgen-attach_to_post\/preview\/id--1058","type":"","width":"","height":""}],"twitter_card":"summary_large_image","twitter_misc":{"Szacowany czas czytania":"2 minuty"},"schema":{"@context":"https:\/\/schema.org","@graph":[{"@type":"WebPage","@id":"https:\/\/www.przedszkole161.pl\/?page_id=1028","url":"https:\/\/www.przedszkole161.pl\/?page_id=1028","name":"Tablica interaktywna - Przedszkole im. Ksi\u0119cia Przemys\u0142awa","isPartOf":{"@id":"https:\/\/www.przedszkole161.pl\/#website"},"primaryImageOfPage":{"@id":"https:\/\/www.przedszkole161.pl\/?page_id=1028#primaryimage"},"image":{"@id":"https:\/\/www.przedszkole161.pl\/?page_id=1028#primaryimage"},"thumbnailUrl":"http:\/\/ple161.poznan.pl\/index.php\/nextgen-attach_to_post\/preview\/id--1058","datePublished":"2015-02-08T20:35:32+00:00","dateModified":"2023-02-14T05:15:14+00:00","breadcrumb":{"@id":"https:\/\/www.przedszkole161.pl\/?page_id=1028#breadcrumb"},"inLanguage":"pl-PL","potentialAction":[{"@type":"ReadAction","target":["https:\/\/www.przedszkole161.pl\/?page_id=1028"]}]},{"@type":"ImageObject","inLanguage":"pl-PL","@id":"https:\/\/www.przedszkole161.pl\/?page_id=1028#primaryimage","url":"http:\/\/ple161.poznan.pl\/index.php\/nextgen-attach_to_post\/preview\/id--1058","contentUrl":"http:\/\/ple161.poznan.pl\/index.php\/nextgen-attach_to_post\/preview\/id--1058"},{"@type":"BreadcrumbList","@id":"https:\/\/www.przedszkole161.pl\/?page_id=1028#breadcrumb","itemListElement":[{"@type":"ListItem","position":1,"name":"Strona g\u0142\u00f3wna","item":"https:\/\/www.przedszkole161.pl\/"},{"@type":"ListItem","position":2,"name":"Tablica interaktywna"}]},{"@type":"WebSite","@id":"https:\/\/www.przedszkole161.pl\/#website","url":"https:\/\/www.przedszkole161.pl\/","name":"Przedszkole im. Ksi\u0119cia Przemys\u0142awa 161","description":"","potentialAction":[{"@type":"SearchAction","target":{"@type":"EntryPoint","urlTemplate":"https:\/\/www.przedszkole161.pl\/?s={search_term_string}"},"query-input":{"@type":"PropertyValueSpecification","valueRequired":true,"valueName":"search_term_string"}}],"inLanguage":"pl-PL"}]}},"_links":{"self":[{"href":"https:\/\/ple161.poznan.pl\/index.php?rest_route=\/wp\/v2\/pages\/1028","targetHints":{"allow":["GET"]}}],"collection":[{"href":"https:\/\/ple161.poznan.pl\/index.php?rest_route=\/wp\/v2\/pages"}],"about":[{"href":"https:\/\/ple161.poznan.pl\/index.php?rest_route=\/wp\/v2\/types\/page"}],"author":[{"embeddable":true,"href":"https:\/\/ple161.poznan.pl\/index.php?rest_route=\/wp\/v2\/users\/1"}],"replies":[{"embeddable":true,"href":"https:\/\/ple161.poznan.pl\/index.php?rest_route=%2Fwp%2Fv2%2Fcomments&post=1028"}],"version-history":[{"count":7,"href":"https:\/\/ple161.poznan.pl\/index.php?rest_route=\/wp\/v2\/pages\/1028\/revisions"}],"predecessor-version":[{"id":7952,"href":"https:\/\/ple161.poznan.pl\/index.php?rest_route=\/wp\/v2\/pages\/1028\/revisions\/7952"}],"wp:attachment":[{"href":"https:\/\/ple161.poznan.pl\/index.php?rest_route=%2Fwp%2Fv2%2Fmedia&parent=1028"}],"curies":[{"name":"wp","href":"https:\/\/api.w.org\/{rel}","templated":true}]}}